CRAN Package Check Results for Package fad

Last updated on 2025-04-30 04:50:05 CEST.

Flavor Version Tinstall Tcheck Ttotal Status Flags
r-devel-linux-x86_64-debian-clang 0.9-1 49.75 71.00 120.75 OK
r-devel-linux-x86_64-debian-gcc 0.9-1 35.27 54.03 89.30 OK
r-devel-linux-x86_64-fedora-clang 0.9-1 198.10 OK
r-devel-linux-x86_64-fedora-gcc 0.9-1 215.23 OK
r-devel-windows-x86_64 0.9-1 52.00 139.00 191.00 OK
r-patched-linux-x86_64 0.9-1 51.94 70.78 122.72 OK
r-release-linux-x86_64 0.9-1 49.20 69.98 119.18 OK
r-release-macos-arm64 0.9-1 75.00 OK
r-release-macos-x86_64 0.9-1 122.00 OK
r-release-windows-x86_64 0.9-1 54.00 115.00 169.00 OK
r-oldrel-macos-arm64 0.9-1 62.00 NOTE
r-oldrel-macos-x86_64 0.9-1 145.00 NOTE
r-oldrel-windows-x86_64 0.9-1 59.00 130.00 189.00 OK

Check Details

Version: 0.9-1
Check: installed package size
Result: NOTE installed size is 11.8Mb sub-directories of 1Mb or more: libs 11.5Mb Flavors: r-oldrel-macos-arm64, r-oldrel-macos-x86_64