Last updated on 2025-04-30 04:50:05 CEST.
Flavor | Version | Tinstall | Tcheck | Ttotal | Status | Flags |
---|---|---|---|---|---|---|
r-devel-linux-x86_64-debian-clang | 0.8 | 10.08 | 92.10 | 102.18 | NOTE | |
r-devel-linux-x86_64-debian-gcc | 0.8 | 6.91 | 64.17 | 71.08 | NOTE | |
r-devel-linux-x86_64-fedora-clang | 0.8 | 166.73 | OK | |||
r-devel-linux-x86_64-fedora-gcc | 0.9 | 134.36 | OK | |||
r-devel-windows-x86_64 | 0.8 | 12.00 | 105.00 | 117.00 | OK | |
r-patched-linux-x86_64 | 0.8 | 10.85 | 85.41 | 96.26 | OK | |
r-release-linux-x86_64 | 0.8 | 10.84 | 86.55 | 97.39 | OK | |
r-release-macos-arm64 | 0.9 | 47.00 | OK | |||
r-release-macos-x86_64 | 0.9 | 89.00 | OK | |||
r-release-windows-x86_64 | 0.9 | 15.00 | 100.00 | 115.00 | OK | |
r-oldrel-macos-arm64 | 0.9 | 51.00 | OK | |||
r-oldrel-macos-x86_64 | 0.9 | 96.00 | OK | |||
r-oldrel-windows-x86_64 | 0.8 | 14.00 | 126.00 | 140.00 | OK |
Version: 0.8
Check: CRAN incoming feasibility
Result: NOTE
Maintainer: ‘Marco Scutari <scutari@bnlearn.com>’
No Authors@R field in DESCRIPTION.
Please add one, modifying
Authors@R: person(given = "Marco",
family = "Scutari",
role = c("aut", "cre"),
email = "scutari@bnlearn.com")
as necessary.
The Description field contains
<https://link.springer.com/content/pdf/10.1007/s11222-022-10143-w.pdf>
Please use permanent DOI markup for linking to publications as in <doi:prefix/suffix>.
Flavors: r-devel-linux-x86_64-debian-clang, r-devel-linux-x86_64-debian-gcc
Version: 0.8
Check: examples
Result: NOTE
Examples with CPU (user + system) or elapsed time > 5s
user system elapsed
fairml.cv 5.872 0.126 7.613
bank 4.600 0.365 5.793
Flavor: r-devel-linux-x86_64-debian-clang