Last updated on 2025-04-30 04:50:05 CEST.
Flavor | Version | Tinstall | Tcheck | Ttotal | Status | Flags |
---|---|---|---|---|---|---|
r-devel-linux-x86_64-debian-clang | 1.5.0 | 67.63 | 340.43 | 408.06 | OK | |
r-devel-linux-x86_64-debian-gcc | 1.5.0 | 47.87 | 210.43 | 258.30 | OK | |
r-devel-linux-x86_64-fedora-clang | 1.5.0 | 683.35 | OK | |||
r-devel-linux-x86_64-fedora-gcc | 1.5.0 | 673.65 | OK | |||
r-devel-windows-x86_64 | 1.5.0 | 63.00 | 290.00 | 353.00 | OK | |
r-patched-linux-x86_64 | 1.5.0 | 71.34 | 309.52 | 380.86 | OK | |
r-release-linux-x86_64 | 1.5.0 | 64.44 | 307.40 | 371.84 | OK | |
r-release-macos-arm64 | 1.5.0 | 155.00 | OK | |||
r-release-macos-x86_64 | 1.5.0 | 341.00 | OK | |||
r-release-windows-x86_64 | 1.5.0 | 61.00 | 302.00 | 363.00 | OK | |
r-oldrel-macos-arm64 | 1.5.0 | 147.00 | NOTE | |||
r-oldrel-macos-x86_64 | 1.5.0 | 292.00 | NOTE | |||
r-oldrel-windows-x86_64 | 1.5.0 | 85.00 | 381.00 | 466.00 | NOTE |
Version: 1.5.0
Check: installed package size
Result: NOTE
installed size is 6.3Mb
sub-directories of 1Mb or more:
R 4.0Mb
help 1.2Mb
Flavors: r-oldrel-macos-arm64, r-oldrel-macos-x86_64, r-oldrel-windows-x86_64