Last updated on 2025-04-30 04:50:05 CEST.
Flavor | Version | Tinstall | Tcheck | Ttotal | Status | Flags |
---|---|---|---|---|---|---|
r-devel-linux-x86_64-debian-clang | 1.0.1 | 2.71 | 34.25 | 36.96 | NOTE | |
r-devel-linux-x86_64-debian-gcc | 1.0.1 | 2.00 | 25.41 | 27.41 | NOTE | |
r-devel-linux-x86_64-fedora-clang | 1.0.1 | 56.69 | OK | |||
r-devel-linux-x86_64-fedora-gcc | 1.0.1 | 56.36 | OK | |||
r-devel-windows-x86_64 | 1.0.1 | 4.00 | 56.00 | 60.00 | OK | |
r-patched-linux-x86_64 | 1.0.1 | 2.90 | 33.02 | 35.92 | OK | |
r-release-linux-x86_64 | 1.0.1 | 1.83 | 32.78 | 34.61 | OK | |
r-release-macos-arm64 | 1.0.1 | 21.00 | OK | |||
r-release-macos-x86_64 | 1.0.1 | 39.00 | OK | |||
r-release-windows-x86_64 | 1.0.1 | 4.00 | 57.00 | 61.00 | OK | |
r-oldrel-macos-arm64 | 1.0.1 | 21.00 | OK | |||
r-oldrel-macos-x86_64 | 1.0.1 | 31.00 | OK | |||
r-oldrel-windows-x86_64 | 1.0.1 | 4.00 | 64.00 | 68.00 | OK |
Version: 1.0.1
Check: CRAN incoming feasibility
Result: NOTE
Maintainer: ‘Peter W. MacDonald <pwmacdon@umich.edu>’
The Description field contains
Zhu and Levina (2022+) <arXiv:2210.07491>.
Please refer to arXiv e-prints via their arXiv DOI <doi:10.48550/arXiv.YYMM.NNNNN>.
Flavors: r-devel-linux-x86_64-debian-clang, r-devel-linux-x86_64-debian-gcc
Version: 1.0.1
Check: examples
Result: NOTE
Examples with CPU (user + system) or elapsed time > 5s
user system elapsed
fase 4.682 0.104 6.506
Flavor: r-devel-linux-x86_64-debian-clang