Last updated on 2025-04-30 04:50:05 CEST.
Flavor | Version | Tinstall | Tcheck | Ttotal | Status | Flags |
---|---|---|---|---|---|---|
r-devel-linux-x86_64-debian-clang | 0.4.0 | 15.64 | 160.15 | 175.79 | NOTE | |
r-devel-linux-x86_64-debian-gcc | 0.4.0 | 9.69 | 111.61 | 121.30 | NOTE | |
r-devel-linux-x86_64-fedora-clang | 0.4.0 | 286.77 | OK | |||
r-devel-linux-x86_64-fedora-gcc | 0.4.0 | 282.61 | OK | |||
r-devel-windows-x86_64 | 0.4.0 | 15.00 | 163.00 | 178.00 | OK | |
r-patched-linux-x86_64 | 0.4.0 | 13.94 | 153.07 | 167.01 | OK | |
r-release-linux-x86_64 | 0.4.0 | 11.47 | 152.86 | 164.33 | OK | |
r-release-macos-arm64 | 0.4.0 | 75.00 | OK | |||
r-release-macos-x86_64 | 0.4.0 | 111.00 | OK | |||
r-release-windows-x86_64 | 0.4.0 | 16.00 | 175.00 | 191.00 | OK | |
r-oldrel-macos-arm64 | 0.4.0 | 77.00 | OK | |||
r-oldrel-macos-x86_64 | 0.4.0 | 105.00 | OK | |||
r-oldrel-windows-x86_64 | 0.4.0 | 21.00 | 210.00 | 231.00 | OK |
Version: 0.4.0
Check: examples
Result: NOTE
Examples with CPU (user + system) or elapsed time > 5s
user system elapsed
plot_fui 8.424 0.082 10.833
fui 7.733 0.187 10.144
Flavor: r-devel-linux-x86_64-debian-clang
Version: 0.4.0
Check: examples
Result: NOTE
Examples with CPU (user + system) or elapsed time > 5s
user system elapsed
fui 4.838 0.317 5.731
plot_fui 5.052 0.060 5.733
Flavor: r-devel-linux-x86_64-debian-gcc