Last updated on 2025-04-30 04:50:05 CEST.
Flavor | Version | Tinstall | Tcheck | Ttotal | Status | Flags |
---|---|---|---|---|---|---|
r-devel-linux-x86_64-debian-clang | 1.0.2 | 30.23 | 44.97 | 75.20 | NOTE | |
r-devel-linux-x86_64-debian-gcc | 1.0.2 | 23.93 | 33.83 | 57.76 | NOTE | |
r-devel-linux-x86_64-fedora-clang | 1.0.2 | 128.51 | NOTE | |||
r-devel-linux-x86_64-fedora-gcc | 1.0.2 | 142.81 | NOTE | |||
r-devel-windows-x86_64 | 1.0.2 | 38.00 | 117.00 | 155.00 | NOTE | |
r-patched-linux-x86_64 | 1.0.2 | 29.51 | 42.56 | 72.07 | NOTE | |
r-release-linux-x86_64 | 1.0.2 | 31.64 | 42.59 | 74.23 | NOTE | |
r-release-macos-arm64 | 1.0.2 | 67.00 | NOTE | |||
r-release-macos-x86_64 | 1.0.2 | 101.00 | NOTE | |||
r-release-windows-x86_64 | 1.0.2 | 38.00 | 98.00 | 136.00 | NOTE | |
r-oldrel-macos-arm64 | 1.0.2 | 45.00 | NOTE | |||
r-oldrel-macos-x86_64 | 1.0.2 | 69.00 | NOTE | |||
r-oldrel-windows-x86_64 | 1.0.2 | 42.00 | 111.00 | 153.00 | NOTE |
Version: 1.0.2
Check: C++ specification
Result: NOTE
Specified C++11: please drop specification unless essential
Flavors: r-devel-linux-x86_64-debian-clang, r-devel-linux-x86_64-debian-gcc, r-devel-linux-x86_64-fedora-clang, r-devel-linux-x86_64-fedora-gcc, r-devel-windows-x86_64, r-patched-linux-x86_64, r-release-linux-x86_64, r-release-macos-arm64, r-release-macos-x86_64, r-release-windows-x86_64, r-oldrel-macos-arm64, r-oldrel-macos-x86_64, r-oldrel-windows-x86_64
Version: 1.0.2
Check: installed package size
Result: NOTE
installed size is 7.2Mb
sub-directories of 1Mb or more:
images 3.1Mb
libs 2.9Mb
Flavors: r-oldrel-macos-arm64, r-oldrel-macos-x86_64, r-oldrel-windows-x86_64