CRAN Package Check Results for Package fastGraph

Last updated on 2025-04-30 04:50:05 CEST.

Flavor Version Tinstall Tcheck Ttotal Status Flags
r-devel-linux-x86_64-debian-clang 2.1 2.86 33.64 36.50 NOTE
r-devel-linux-x86_64-debian-gcc 2.1 2.18 24.96 27.14 NOTE
r-devel-linux-x86_64-fedora-clang 2.1 55.57 OK
r-devel-linux-x86_64-fedora-gcc 2.1 54.59 OK
r-devel-windows-x86_64 2.1 4.00 64.00 68.00 OK
r-patched-linux-x86_64 2.1 3.28 32.53 35.81 OK
r-release-linux-x86_64 2.1 2.56 32.43 34.99 OK
r-release-macos-arm64 2.1 26.00 OK
r-release-macos-x86_64 2.1 46.00 OK
r-release-windows-x86_64 2.1 4.00 61.00 65.00 OK
r-oldrel-macos-arm64 2.1 23.00 OK
r-oldrel-macos-x86_64 2.1 35.00 OK
r-oldrel-windows-x86_64 2.1 4.00 64.00 68.00 OK

Check Details

Version: 2.1
Check: CRAN incoming feasibility
Result: NOTE Maintainer: ‘Steven T. Garren <garrenst@jmu.edu>’ No Authors@R field in DESCRIPTION. Please add one, modifying Authors@R: person(given = c("Steven", "T."), family = "Garren", role = c("aut", "cre"), email = "garrenst@jmu.edu") as necessary. Flavors: r-devel-linux-x86_64-debian-clang, r-devel-linux-x86_64-debian-gcc