CRAN Package Check Results for Package fastadi

Last updated on 2025-04-30 04:50:05 CEST.

Flavor Version Tinstall Tcheck Ttotal Status Flags
r-devel-linux-x86_64-debian-clang 0.1.1 64.30 138.41 202.71 NOTE
r-devel-linux-x86_64-debian-gcc 0.1.1 44.25 104.35 148.60 NOTE
r-devel-linux-x86_64-fedora-clang 0.1.1 339.17 NOTE
r-devel-linux-x86_64-fedora-gcc 0.1.1 320.13 NOTE
r-devel-windows-x86_64 0.1.1 78.00 159.00 237.00 NOTE
r-patched-linux-x86_64 0.1.1 62.19 136.11 198.30 NOTE
r-release-linux-x86_64 0.1.1 59.79 135.85 195.64 NOTE
r-release-macos-arm64 0.1.1 93.00 NOTE
r-release-macos-x86_64 0.1.1 165.00 NOTE
r-release-windows-x86_64 0.1.1 77.00 150.00 227.00 NOTE
r-oldrel-macos-arm64 0.1.1 102.00 NOTE
r-oldrel-macos-x86_64 0.1.1 130.00 NOTE
r-oldrel-windows-x86_64 0.1.1 87.00 192.00 279.00 NOTE

Check Details

Version: 0.1.1
Check: CRAN incoming feasibility
Result: NOTE Maintainer: ‘Alex Hayes <alexpghayes@gmail.com>’ The Description field contains <https://amstat.tandfonline.com/doi/abs/10.1080/10618600.2018.1518238>. Please use permanent DOI markup for linking to publications as in <doi:prefix/suffix>. Flavors: r-devel-linux-x86_64-debian-clang, r-devel-linux-x86_64-debian-gcc

Version: 0.1.1
Check: C++ specification
Result: NOTE Specified C++11: please drop specification unless essential Flavors: r-devel-linux-x86_64-debian-clang, r-devel-linux-x86_64-debian-gcc, r-devel-linux-x86_64-fedora-clang, r-devel-linux-x86_64-fedora-gcc, r-devel-windows-x86_64, r-patched-linux-x86_64, r-release-linux-x86_64, r-release-macos-arm64, r-release-macos-x86_64, r-release-windows-x86_64, r-oldrel-macos-arm64, r-oldrel-macos-x86_64, r-oldrel-windows-x86_64