Last updated on 2025-04-30 04:50:05 CEST.
Flavor | Version | Tinstall | Tcheck | Ttotal | Status | Flags |
---|---|---|---|---|---|---|
r-devel-linux-x86_64-debian-clang | 0.3.2 | 4.78 | 58.10 | 62.88 | NOTE | |
r-devel-linux-x86_64-debian-gcc | 0.4.0 | 3.49 | 40.40 | 43.89 | OK | |
r-devel-linux-x86_64-fedora-clang | 0.4.0 | 102.69 | OK | |||
r-devel-linux-x86_64-fedora-gcc | 0.4.0 | 99.83 | OK | |||
r-devel-windows-x86_64 | 0.4.0 | 13.00 | 95.00 | 108.00 | OK | |
r-patched-linux-x86_64 | 0.3.2 | 4.91 | 54.73 | 59.64 | OK | |
r-release-linux-x86_64 | 0.3.2 | 4.31 | 53.48 | 57.79 | OK | |
r-release-macos-arm64 | 0.4.0 | 47.00 | OK | |||
r-release-macos-x86_64 | 0.4.0 | 79.00 | OK | |||
r-release-windows-x86_64 | 0.4.0 | 11.00 | 81.00 | 92.00 | OK | |
r-oldrel-macos-arm64 | 0.4.0 | 43.00 | OK | |||
r-oldrel-macos-x86_64 | 0.4.0 | 82.00 | OK | |||
r-oldrel-windows-x86_64 | 0.3.2 | 9.00 | 91.00 | 100.00 | OK |
Version: 0.3.2
Check: examples
Result: NOTE
Examples with CPU (user + system) or elapsed time > 5s
user system elapsed
fastbeta.bootstrap 4.977 0.028 6.201
Flavor: r-devel-linux-x86_64-debian-clang