CRAN Package Check Results for Package fastcox

Last updated on 2025-04-30 04:50:05 CEST.

Flavor Version Tinstall Tcheck Ttotal Status Flags
r-devel-linux-x86_64-debian-clang 1.1.3 9.78 55.11 64.89 NOTE
r-devel-linux-x86_64-debian-gcc 1.1.3 7.58 41.56 49.14 NOTE
r-devel-linux-x86_64-fedora-clang 1.1.3 97.63 OK
r-devel-linux-x86_64-fedora-gcc 1.1.3 92.62 OK
r-devel-windows-x86_64 1.1.3 16.00 80.00 96.00 OK
r-patched-linux-x86_64 1.1.3 8.83 53.39 62.22 OK
r-release-linux-x86_64 1.1.3 8.61 52.37 60.98 OK
r-release-macos-arm64 1.1.3 35.00 OK
r-release-macos-x86_64 1.1.3 71.00 OK
r-release-windows-x86_64 1.1.3 14.00 77.00 91.00 OK
r-oldrel-macos-arm64 1.1.3 32.00 OK
r-oldrel-macos-x86_64 1.1.3 48.00 OK
r-oldrel-windows-x86_64 1.1.3 18.00 85.00 103.00 OK

Check Details

Version: 1.1.3
Check: CRAN incoming feasibility
Result: NOTE Maintainer: ‘Yi Yang <yi.yang6@mcgill.ca>’ No Authors@R field in DESCRIPTION. Please add one, modifying Authors@R: c(person(given = "Yi", family = "Yang", role = c("aut", "cre"), email = "yi.yang6@mcgill.ca"), person(given = "Hui", family = "Zou", role = "aut", email = "hzou@stat.umn.edu")) as necessary. The Description field contains Y. and Zou, H. (2013) DOI: <doi:10.4310/SII.2013.v6.n2.a1>. Please write DOIs as <doi:prefix/suffix>. Flavors: r-devel-linux-x86_64-debian-clang, r-devel-linux-x86_64-debian-gcc