Last updated on 2025-02-21 03:52:12 CET.
Flavor | Version | Tinstall | Tcheck | Ttotal | Status | Flags |
---|---|---|---|---|---|---|
r-devel-linux-x86_64-debian-clang | 8.4.0.3 | 93.28 | 389.93 | 483.21 | WARN | |
r-devel-linux-x86_64-debian-gcc | 8.4.0.3 | 62.32 | 250.75 | 313.07 | WARN | |
r-devel-linux-x86_64-fedora-clang | 8.4.0.3 | 803.39 | WARN | |||
r-devel-linux-x86_64-fedora-gcc | 8.4.0.3 | 788.64 | WARN | |||
r-devel-macos-arm64 | 8.4.0.3 | 268.00 | OK | |||
r-devel-macos-x86_64 | 8.4.0.3 | 491.00 | OK | |||
r-devel-windows-x86_64 | 8.4.0.3 | 71.00 | 370.00 | 441.00 | WARN | |
r-patched-linux-x86_64 | 8.4.0.3 | 87.14 | 366.67 | 453.81 | WARN | |
r-release-linux-x86_64 | 8.4.0.3 | 83.59 | 364.34 | 447.93 | WARN | |
r-release-macos-arm64 | 8.4.0.3 | 254.00 | NOTE | |||
r-release-macos-x86_64 | 8.4.0.3 | 425.00 | NOTE | |||
r-release-windows-x86_64 | 8.4.0.3 | 70.00 | 376.00 | 446.00 | WARN | |
r-oldrel-macos-arm64 | 8.4.0.3 | 170.00 | NOTE | |||
r-oldrel-macos-x86_64 | 8.4.0.3 | 455.00 | NOTE | |||
r-oldrel-windows-x86_64 | 8.4.0.3 | 90.00 | 450.00 | 540.00 | WARN |
Version: 8.4.0.3
Check: Rd cross-references
Result: WARN
Missing link(s) in Rd file 'fast.Rd':
‘[rgrass:readRAST]{rgrass::read_RAST()}’
‘[rgrass:readVECT]{rgrass::read_VECT()}’
See section 'Cross-references' in the 'Writing R Extensions' manual.
Flavors: r-devel-linux-x86_64-debian-clang, r-devel-linux-x86_64-debian-gcc, r-devel-linux-x86_64-fedora-clang, r-devel-linux-x86_64-fedora-gcc, r-devel-windows-x86_64
Version: 8.4.0.3
Check: Rd cross-references
Result: WARN
Missing link or links in Rd file 'fast.Rd':
‘[rgrass:readRAST]{rgrass::read_RAST()}’
‘[rgrass:readVECT]{rgrass::read_VECT()}’
See section 'Cross-references' in the 'Writing R Extensions' manual.
Flavors: r-patched-linux-x86_64, r-release-linux-x86_64, r-release-windows-x86_64
Version: 8.4.0.3
Check: installed package size
Result: NOTE
installed size is 6.0Mb
sub-directories of 1Mb or more:
R 3.1Mb
help 1.7Mb
Flavors: r-release-macos-arm64, r-release-macos-x86_64, r-release-windows-x86_64, r-oldrel-macos-arm64, r-oldrel-macos-x86_64, r-oldrel-windows-x86_64
Version: 8.4.0.3
Check: Rd cross-references
Result: WARN
Missing link or links in documentation object 'fast.Rd':
'[rgrass:readRAST]{rgrass::read_RAST()}'
'[rgrass:readVECT]{rgrass::read_VECT()}'
See section 'Cross-references' in the 'Writing R Extensions' manual.
Flavor: r-oldrel-windows-x86_64