CRAN Package Check Results for Package fastglmpca

Last updated on 2025-07-05 04:50:14 CEST.

Flavor Version Tinstall Tcheck Ttotal Status Flags
r-devel-linux-x86_64-debian-clang 0.1-108 65.96 188.85 254.81 OK
r-devel-linux-x86_64-debian-gcc 0.1-108 48.68 119.12 167.80 OK
r-devel-linux-x86_64-fedora-clang 0.1-108 419.28 OK
r-devel-linux-x86_64-fedora-gcc 0.1-108 412.57 OK
r-devel-windows-x86_64 0.1-108 73.00 198.00 271.00 OK
r-patched-linux-x86_64 0.1-108 65.71 179.29 245.00 OK
r-release-linux-x86_64 0.1-108 64.98 179.02 244.00 OK
r-release-macos-arm64 0.1-108 129.00 OK
r-release-macos-x86_64 0.1-108 259.00 OK
r-release-windows-x86_64 0.1-108 75.00 193.00 268.00 OK
r-oldrel-macos-arm64 0.1-108 109.00 NOTE
r-oldrel-macos-x86_64 0.1-108 272.00 NOTE
r-oldrel-windows-x86_64 0.1-108 94.00 260.00 354.00 NOTE

Check Details

Version: 0.1-108
Check: installed package size
Result: NOTE installed size is 8.4Mb sub-directories of 1Mb or more: data 4.5Mb doc 1.0Mb libs 2.8Mb Flavors: r-oldrel-macos-arm64, r-oldrel-macos-x86_64, r-oldrel-windows-x86_64

Version: 0.1-108
Check: for GNU extensions in Makefiles
Result: NOTE GNU make is a SystemRequirements. Flavors: r-oldrel-macos-arm64, r-oldrel-macos-x86_64, r-oldrel-windows-x86_64