Last updated on 2025-04-30 04:50:05 CEST.
Flavor | Version | Tinstall | Tcheck | Ttotal | Status | Flags |
---|---|---|---|---|---|---|
r-devel-linux-x86_64-debian-clang | 1.2 | 12.42 | 22.42 | 34.84 | NOTE | |
r-devel-linux-x86_64-debian-gcc | 1.2 | 10.32 | 17.67 | 27.99 | NOTE | |
r-devel-linux-x86_64-fedora-clang | 1.2 | 63.58 | NOTE | |||
r-devel-linux-x86_64-fedora-gcc | 1.2 | 60.13 | NOTE | |||
r-devel-windows-x86_64 | 1.2 | 16.00 | 66.00 | 82.00 | NOTE | |
r-patched-linux-x86_64 | 1.2 | 13.66 | 21.72 | 35.38 | NOTE | |
r-release-linux-x86_64 | 1.2 | 13.85 | 21.47 | 35.32 | NOTE | |
r-release-macos-arm64 | 1.2 | 28.00 | NOTE | |||
r-release-macos-x86_64 | 1.2 | 59.00 | NOTE | |||
r-release-windows-x86_64 | 1.2 | 16.00 | 64.00 | 80.00 | NOTE | |
r-oldrel-macos-arm64 | 1.2 | 23.00 | NOTE | |||
r-oldrel-macos-x86_64 | 1.2 | 38.00 | NOTE | |||
r-oldrel-windows-x86_64 | 1.2 | 19.00 | 70.00 | 89.00 | NOTE |
Version: 1.2
Check: CRAN incoming feasibility
Result: NOTE
Maintainer: ‘Xun Li <lixun910@gmail.com>’
No Authors@R field in DESCRIPTION.
Please add one, modifying
Authors@R: person(given = "Xun",
family = "Li",
role = c("aut", "cre"),
email = "lixun910@gmail.com")
as necessary.
Flavors: r-devel-linux-x86_64-debian-clang, r-devel-linux-x86_64-debian-gcc
Version: 1.2
Check: C++ specification
Result: NOTE
Specified C++11: please drop specification unless essential
Flavors: r-devel-linux-x86_64-debian-clang, r-devel-linux-x86_64-debian-gcc, r-devel-linux-x86_64-fedora-clang, r-devel-linux-x86_64-fedora-gcc, r-devel-windows-x86_64, r-patched-linux-x86_64, r-release-linux-x86_64, r-release-macos-arm64, r-release-macos-x86_64, r-release-windows-x86_64, r-oldrel-macos-arm64, r-oldrel-macos-x86_64, r-oldrel-windows-x86_64