Last updated on 2025-04-30 04:50:05 CEST.
Flavor | Version | Tinstall | Tcheck | Ttotal | Status | Flags |
---|---|---|---|---|---|---|
r-devel-linux-x86_64-debian-clang | 1.0.0 | 7.57 | 82.14 | 89.71 | NOTE | |
r-devel-linux-x86_64-debian-gcc | 1.0.0 | 6.32 | 52.12 | 58.44 | OK | |
r-devel-linux-x86_64-fedora-clang | 1.0.0 | 153.63 | NOTE | |||
r-devel-linux-x86_64-fedora-gcc | 1.0.0 | 152.81 | NOTE | |||
r-devel-windows-x86_64 | 1.0.0 | 12.00 | 103.00 | 115.00 | OK | |
r-patched-linux-x86_64 | 1.0.0 | 9.71 | 62.58 | 72.29 | OK | |
r-release-linux-x86_64 | 1.0.0 | 8.08 | 71.04 | 79.12 | OK | |
r-release-macos-arm64 | 1.0.0 | 67.00 | OK | |||
r-release-macos-x86_64 | 1.0.0 | 126.00 | OK | |||
r-release-windows-x86_64 | 1.0.0 | 13.00 | 84.00 | 97.00 | OK | |
r-oldrel-macos-arm64 | 1.0.0 | 67.00 | OK | |||
r-oldrel-macos-x86_64 | 1.0.0 | 83.00 | OK | |||
r-oldrel-windows-x86_64 | 1.0.0 | 14.00 | 111.00 | 125.00 | OK |
Version: 1.0.0
Check: examples
Result: NOTE
Examples with CPU (user + system) or elapsed time > 5s
user system elapsed
cv.kqr 4.317 0.008 5.004
Flavor: r-devel-linux-x86_64-debian-clang
Version: 1.0.0
Check: dependencies in R code
Result: NOTE
Namespaces in Imports field not imported from:
‘MASS’ ‘grDevices’ ‘utils’
All declared Imports should be used.
Flavors: r-devel-linux-x86_64-fedora-clang, r-devel-linux-x86_64-fedora-gcc