Last updated on 2025-07-05 04:50:14 CEST.
Flavor | Version | Tinstall | Tcheck | Ttotal | Status | Flags |
---|---|---|---|---|---|---|
r-devel-linux-x86_64-debian-clang | 0.1.1 | 50.12 | 26.52 | 76.64 | OK | |
r-devel-linux-x86_64-debian-gcc | 0.1.1 | 30.88 | 21.08 | 51.96 | OK | |
r-devel-linux-x86_64-fedora-clang | 0.1.1 | 146.17 | OK | |||
r-devel-linux-x86_64-fedora-gcc | 0.1.1 | 115.45 | OK | |||
r-devel-windows-x86_64 | 0.1.1 | 29.00 | 65.00 | 94.00 | NOTE | |
r-patched-linux-x86_64 | 0.1.1 | 46.27 | 23.28 | 69.55 | OK | |
r-release-linux-x86_64 | 0.1.1 | 45.89 | 23.42 | 69.31 | OK | |
r-release-macos-arm64 | 0.1.1 | 36.00 | OK | |||
r-release-macos-x86_64 | 0.1.1 | 52.00 | OK | |||
r-release-windows-x86_64 | 0.1.1 | 29.00 | 64.00 | 93.00 | NOTE | |
r-oldrel-macos-arm64 | 0.1.1 | 34.00 | NOTE | |||
r-oldrel-macos-x86_64 | 0.1.1 | 49.00 | NOTE | |||
r-oldrel-windows-x86_64 | 0.1.1 | 35.00 | 78.00 | 113.00 | NOTE |
Version: 0.1.1
Check: C++ specification
Result: NOTE
Specified C++11: please drop specification unless essential
Flavors: r-devel-windows-x86_64, r-release-windows-x86_64, r-oldrel-windows-x86_64
Version: 0.1.1
Check: LazyData
Result: NOTE
'LazyData' is specified without a 'data' directory
Flavors: r-oldrel-macos-arm64, r-oldrel-macos-x86_64, r-oldrel-windows-x86_64