CRAN Package Check Results for Package fastpos

Last updated on 2025-04-30 04:50:05 CEST.

Flavor Version Tinstall Tcheck Ttotal Status Flags
r-devel-linux-x86_64-debian-clang 0.5.1 20.65 86.48 107.13 NOTE
r-devel-linux-x86_64-debian-gcc 0.5.1 14.93 60.84 75.77 NOTE
r-devel-linux-x86_64-fedora-clang 0.5.1 179.97 NOTE
r-devel-linux-x86_64-fedora-gcc 0.5.1 157.98 NOTE
r-devel-windows-x86_64 0.5.1 26.00 124.00 150.00 NOTE
r-patched-linux-x86_64 0.5.1 18.24 78.20 96.44 NOTE
r-release-linux-x86_64 0.5.1 22.05 80.22 102.27 NOTE
r-release-macos-arm64 0.5.1 58.00 NOTE
r-release-macos-x86_64 0.5.1 104.00 NOTE
r-release-windows-x86_64 0.5.1 27.00 122.00 149.00 NOTE
r-oldrel-macos-arm64 0.5.1 41.00 NOTE
r-oldrel-macos-x86_64 0.5.1 62.00 NOTE
r-oldrel-windows-x86_64 0.5.1 31.00 142.00 173.00 NOTE

Check Details

Version: 0.5.1
Check: C++ specification
Result: NOTE Specified C++11: please drop specification unless essential Flavors: r-devel-linux-x86_64-debian-clang, r-devel-linux-x86_64-debian-gcc, r-devel-linux-x86_64-fedora-clang, r-devel-linux-x86_64-fedora-gcc, r-devel-windows-x86_64, r-patched-linux-x86_64, r-release-linux-x86_64, r-release-macos-arm64, r-release-macos-x86_64, r-release-windows-x86_64, r-oldrel-macos-arm64, r-oldrel-macos-x86_64, r-oldrel-windows-x86_64