Last updated on 2025-04-30 04:50:05 CEST.
Flavor | Version | Tinstall | Tcheck | Ttotal | Status | Flags |
---|---|---|---|---|---|---|
r-devel-linux-x86_64-debian-clang | 0.1.3 | 6.06 | 61.93 | 67.99 | NOTE | |
r-devel-linux-x86_64-debian-gcc | 0.1.3 | 4.55 | 43.37 | 47.92 | OK | |
r-devel-linux-x86_64-fedora-clang | 0.1.3 | 95.78 | OK | |||
r-devel-linux-x86_64-fedora-gcc | 0.1.3 | 85.44 | OK | |||
r-devel-windows-x86_64 | 0.1.3 | 9.00 | 93.00 | 102.00 | OK | |
r-patched-linux-x86_64 | 0.1.3 | 6.67 | 54.24 | 60.91 | OK | |
r-release-linux-x86_64 | 0.1.3 | 5.71 | 55.21 | 60.92 | OK | |
r-release-macos-arm64 | 0.1.3 | 29.00 | OK | |||
r-release-macos-x86_64 | 0.1.3 | 57.00 | OK | |||
r-release-windows-x86_64 | 0.1.3 | 8.00 | 86.00 | 94.00 | OK | |
r-oldrel-macos-arm64 | 0.1.3 | 28.00 | OK | |||
r-oldrel-macos-x86_64 | 0.1.3 | 44.00 | OK | |||
r-oldrel-windows-x86_64 | 0.1.3 | 9.00 | 91.00 | 100.00 | OK |
Version: 0.1.3
Check: examples
Result: NOTE
Examples with CPU (user + system) or elapsed time > 5s
user system elapsed
qc_plot 3.138 0.126 5.511
Flavor: r-devel-linux-x86_64-debian-clang