CRAN Package Check Results for Package fastverse

Last updated on 2025-04-30 04:50:05 CEST.

Flavor Version Tinstall Tcheck Ttotal Status Flags
r-devel-linux-x86_64-debian-clang 0.3.4 3.31 31.43 34.74 OK
r-devel-linux-x86_64-debian-gcc 0.3.4 2.15 23.87 26.02 OK
r-devel-linux-x86_64-fedora-clang 0.3.4 52.87 NOTE
r-devel-linux-x86_64-fedora-gcc 0.3.4 63.69 NOTE
r-devel-windows-x86_64 0.3.4 5.00 63.00 68.00 OK
r-patched-linux-x86_64 0.3.4 3.17 28.19 31.36 OK
r-release-linux-x86_64 0.3.4 3.01 28.08 31.09 OK
r-release-macos-arm64 0.3.4 39.00 OK
r-release-macos-x86_64 0.3.4 51.00 OK
r-release-windows-x86_64 0.3.4 4.00 59.00 63.00 OK
r-oldrel-macos-arm64 0.3.4 48.00 OK
r-oldrel-macos-x86_64 0.3.4 69.00 OK
r-oldrel-windows-x86_64 0.3.4 4.00 58.00 62.00 OK

Check Details

Version: 0.3.4
Check: dependencies in R code
Result: NOTE Namespaces in Imports field not imported from: ‘collapse’ ‘data.table’ ‘kit’ ‘magrittr’ All declared Imports should be used. Flavors: r-devel-linux-x86_64-fedora-clang, r-devel-linux-x86_64-fedora-gcc