Last updated on 2025-04-30 04:50:05 CEST.
Flavor | Version | Tinstall | Tcheck | Ttotal | Status | Flags |
---|---|---|---|---|---|---|
r-devel-linux-x86_64-debian-clang | 0.5.2 | 64.72 | 46.68 | 111.40 | NOTE | |
r-devel-linux-x86_64-debian-gcc | 0.5.2 | 42.02 | 34.43 | 76.45 | NOTE | |
r-devel-linux-x86_64-fedora-clang | 0.5.2 | 172.51 | NOTE | |||
r-devel-linux-x86_64-fedora-gcc | 0.5.2 | 183.60 | NOTE | |||
r-devel-windows-x86_64 | 0.5.2 | 47.00 | 74.00 | 121.00 | NOTE | |
r-patched-linux-x86_64 | 0.5.2 | 53.94 | 43.98 | 97.92 | NOTE | |
r-release-linux-x86_64 | 0.5.2 | 54.39 | 44.32 | 98.71 | NOTE | |
r-release-macos-arm64 | 0.5.2 | 51.00 | NOTE | |||
r-release-macos-x86_64 | 0.5.2 | 122.00 | NOTE | |||
r-release-windows-x86_64 | 0.5.2 | 49.00 | 63.00 | 112.00 | NOTE | |
r-oldrel-macos-arm64 | 0.5.2 | 51.00 | NOTE | |||
r-oldrel-macos-x86_64 | 0.5.2 | 76.00 | NOTE | |||
r-oldrel-windows-x86_64 | 0.5.2 | 53.00 | 71.00 | 124.00 | NOTE |
Version: 0.5.2
Check: Rd files
Result: NOTE
checkRd: (-1) Error-Classes.Rd:107-119: Lost braces
107 | \item \code{do_verbose(response, template)} {
| ^
checkRd: (-1) Error.Rd:33-45: Lost braces
33 | \item \code{do(response, mssg)} {
| ^
Flavors: r-devel-linux-x86_64-debian-clang, r-devel-linux-x86_64-debian-gcc, r-devel-linux-x86_64-fedora-clang, r-devel-linux-x86_64-fedora-gcc, r-devel-windows-x86_64, r-patched-linux-x86_64, r-release-linux-x86_64, r-release-macos-arm64, r-release-macos-x86_64, r-release-windows-x86_64, r-oldrel-macos-arm64, r-oldrel-macos-x86_64, r-oldrel-windows-x86_64