Last updated on 2025-04-30 04:50:05 CEST.
Flavor | Version | Tinstall | Tcheck | Ttotal | Status | Flags |
---|---|---|---|---|---|---|
r-devel-linux-x86_64-debian-clang | 0.4.1 | 44.85 | 61.02 | 105.87 | NOTE | |
r-devel-linux-x86_64-debian-gcc | 0.4.1 | 32.17 | 42.39 | 74.56 | NOTE | |
r-devel-linux-x86_64-fedora-clang | 0.4.1 | 182.24 | NOTE | |||
r-devel-linux-x86_64-fedora-gcc | 0.4.1 | 169.03 | NOTE | |||
r-devel-windows-x86_64 | 0.4.1 | 57.00 | 105.00 | 162.00 | NOTE | |
r-patched-linux-x86_64 | 0.4.1 | 47.54 | 55.75 | 103.29 | NOTE | |
r-release-linux-x86_64 | 0.4.1 | 47.84 | 55.65 | 103.49 | NOTE | |
r-release-macos-arm64 | 0.4.1 | 53.00 | NOTE | |||
r-release-macos-x86_64 | 0.4.1 | 80.00 | NOTE | |||
r-release-windows-x86_64 | 0.4.1 | 59.00 | 112.00 | 171.00 | NOTE | |
r-oldrel-macos-arm64 | 0.4.1 | 46.00 | NOTE | |||
r-oldrel-macos-x86_64 | 0.4.1 | 64.00 | NOTE | |||
r-oldrel-windows-x86_64 | 0.4.1 | 61.00 | 117.00 | 178.00 | NOTE |
Version: 0.4.1
Check: Rd files
Result: NOTE
checkRd: (-1) plot.fbroc.conf.Rd:5: Lost braces
5 | \title{Plots function for object of class{fbroc.conf}}
| ^
Flavors: r-devel-linux-x86_64-debian-clang, r-devel-linux-x86_64-debian-gcc, r-devel-linux-x86_64-fedora-clang, r-devel-linux-x86_64-fedora-gcc, r-devel-windows-x86_64, r-patched-linux-x86_64, r-release-linux-x86_64, r-release-macos-arm64, r-release-macos-x86_64, r-release-windows-x86_64, r-oldrel-macos-arm64, r-oldrel-macos-x86_64, r-oldrel-windows-x86_64