Last updated on 2025-02-21 03:52:12 CET.
Flavor | Version | Tinstall | Tcheck | Ttotal | Status | Flags |
---|---|---|---|---|---|---|
r-devel-linux-x86_64-debian-clang | 1.2.2 | 48.16 | 154.24 | 202.40 | OK | |
r-devel-linux-x86_64-debian-gcc | 1.2.2 | 33.43 | 110.22 | 143.65 | OK | |
r-devel-linux-x86_64-fedora-clang | 1.2.2 | 350.73 | OK | |||
r-devel-linux-x86_64-fedora-gcc | 1.2.2 | 355.70 | OK | |||
r-devel-macos-arm64 | 1.2.2 | 100.00 | OK | |||
r-devel-macos-x86_64 | 1.2.2 | 188.00 | OK | |||
r-devel-windows-x86_64 | 1.2.2 | 54.00 | 178.00 | 232.00 | OK | |
r-patched-linux-x86_64 | 1.2.2 | 50.57 | 142.70 | 193.27 | NOTE | |
r-release-linux-x86_64 | 1.2.2 | 49.26 | 143.03 | 192.29 | NOTE | |
r-release-macos-arm64 | 1.2.2 | 102.00 | OK | |||
r-release-macos-x86_64 | 1.2.2 | 142.00 | OK | |||
r-release-windows-x86_64 | 1.2.2 | 58.00 | 173.00 | 231.00 | OK | |
r-oldrel-macos-arm64 | 1.2.2 | 98.00 | OK | |||
r-oldrel-macos-x86_64 | 1.2.2 | 234.00 | OK | |||
r-oldrel-windows-x86_64 | 1.2.2 | 69.00 | 223.00 | 292.00 | OK |
Version: 1.2.2
Check: package dependencies
Result: NOTE
Package suggested but not available for checking: ‘hasseDiagram’
Flavors: r-patched-linux-x86_64, r-release-linux-x86_64