Last updated on 2025-04-30 04:50:05 CEST.
Flavor | Version | Tinstall | Tcheck | Ttotal | Status | Flags |
---|---|---|---|---|---|---|
r-devel-linux-x86_64-debian-clang | 0.1.3 | 5.48 | 53.15 | 58.63 | NOTE | |
r-devel-linux-x86_64-debian-gcc | 0.1.3 | 3.68 | 40.31 | 43.99 | NOTE | |
r-devel-linux-x86_64-fedora-clang | 0.1.3 | 84.00 | OK | |||
r-devel-linux-x86_64-fedora-gcc | 0.1.3 | 93.93 | OK | |||
r-devel-windows-x86_64 | 0.1.3 | 7.00 | 73.00 | 80.00 | OK | |
r-patched-linux-x86_64 | 0.1.3 | 4.77 | 52.42 | 57.19 | OK | |
r-release-linux-x86_64 | 0.1.3 | 5.31 | 51.85 | 57.16 | OK | |
r-release-macos-arm64 | 0.1.3 | 55.00 | OK | |||
r-release-macos-x86_64 | 0.1.3 | 93.00 | OK | |||
r-release-windows-x86_64 | 0.1.3 | 8.00 | 76.00 | 84.00 | OK | |
r-oldrel-macos-arm64 | 0.1.3 | 32.00 | NOTE | |||
r-oldrel-macos-x86_64 | 0.1.3 | 70.00 | NOTE | |||
r-oldrel-windows-x86_64 | 0.1.3 | 8.00 | 86.00 | 94.00 | NOTE |
Version: 0.1.3
Check: CRAN incoming feasibility
Result: NOTE
Maintainer: ‘Zoumpoulia Dikopoulou <dikopoulia@gmail.com>’
No Authors@R field in DESCRIPTION.
Please add one, modifying
Authors@R: c(person(given = c("Zoumpoulia", "Dikopoulou"),
family = "<zoumpolia.dikopoulou@uhasselt.be>",
role = "aut",
email = "zoumpolia.dikopoulou@uhasselt.be"),
person(given = "Elpiniki",
family = "Papageorgiou",
role = "aut",
email = "epapageorgiou@teiste.gr"),
person(role = "aut",
email = "e.i.papageorgiou75@gmail.com"),
person(given = "Zoumpoulia",
family = "Dikopoulou",
role = "cre",
email = "dikopoulia@gmail.com"))
as necessary.
Flavors: r-devel-linux-x86_64-debian-clang, r-devel-linux-x86_64-debian-gcc
Version: 0.1.3
Check: LazyData
Result: NOTE
'LazyData' is specified without a 'data' directory
Flavors: r-oldrel-macos-arm64, r-oldrel-macos-x86_64, r-oldrel-windows-x86_64