Last updated on 2025-04-30 04:50:05 CEST.
Flavor | Version | Tinstall | Tcheck | Ttotal | Status | Flags |
---|---|---|---|---|---|---|
r-devel-linux-x86_64-debian-clang | 1.1.1 | 21.51 | 22.50 | 44.01 | NOTE | |
r-devel-linux-x86_64-debian-gcc | 1.1.1 | 16.27 | 18.14 | 34.41 | NOTE | |
r-devel-linux-x86_64-fedora-clang | 1.1.1 | 77.64 | NOTE | |||
r-devel-linux-x86_64-fedora-gcc | 1.1.1 | 77.95 | NOTE | |||
r-devel-windows-x86_64 | 1.1.1 | 28.00 | 66.00 | 94.00 | NOTE | |
r-patched-linux-x86_64 | 1.1.1 | 24.11 | 21.62 | 45.73 | NOTE | |
r-release-linux-x86_64 | 1.1.1 | 23.24 | 21.60 | 44.84 | NOTE | |
r-release-macos-arm64 | 1.1.1 | 30.00 | NOTE | |||
r-release-macos-x86_64 | 1.1.1 | 51.00 | NOTE | |||
r-release-windows-x86_64 | 1.1.1 | 29.00 | 65.00 | 94.00 | NOTE | |
r-oldrel-macos-arm64 | 1.1.1 | 27.00 | NOTE | |||
r-oldrel-macos-x86_64 | 1.1.1 | 36.00 | NOTE | |||
r-oldrel-windows-x86_64 | 1.1.1 | 32.00 | 72.00 | 104.00 | NOTE |
Version: 1.1.1
Check: CRAN incoming feasibility
Result: NOTE
Maintainer: ‘Niels Olsen <nalo@dtu.dk>’
No Authors@R field in DESCRIPTION.
Please add one, modifying
Authors@R: person(given = "Niels",
family = "Olsen",
role = c("aut", "cre"),
email = "nalo@dtu.dk")
as necessary.
Flavors: r-devel-linux-x86_64-debian-clang, r-devel-linux-x86_64-debian-gcc
Version: 1.1.1
Check: C++ specification
Result: NOTE
Specified C++11: please drop specification unless essential
Flavors: r-devel-linux-x86_64-debian-clang, r-devel-linux-x86_64-debian-gcc, r-devel-linux-x86_64-fedora-clang, r-devel-linux-x86_64-fedora-gcc, r-devel-windows-x86_64, r-patched-linux-x86_64, r-release-linux-x86_64, r-release-macos-arm64, r-release-macos-x86_64, r-release-windows-x86_64, r-oldrel-macos-arm64, r-oldrel-macos-x86_64, r-oldrel-windows-x86_64