Last updated on 2025-04-30 04:50:05 CEST.
Flavor | Version | Tinstall | Tcheck | Ttotal | Status | Flags |
---|---|---|---|---|---|---|
r-devel-linux-x86_64-debian-clang | 0.1.2 | 15.58 | 129.80 | 145.38 | NOTE | |
r-devel-linux-x86_64-debian-gcc | 0.1.2 | 12.19 | 90.03 | 102.22 | NOTE | |
r-devel-linux-x86_64-fedora-clang | 0.1.2 | 222.35 | OK | |||
r-devel-linux-x86_64-fedora-gcc | 0.1.2 | 252.24 | OK | |||
r-devel-windows-x86_64 | 0.1.2 | 17.00 | 146.00 | 163.00 | OK | |
r-patched-linux-x86_64 | 0.1.2 | 15.38 | 124.83 | 140.21 | OK | |
r-release-linux-x86_64 | 0.1.2 | 17.24 | 122.29 | 139.53 | OK | |
r-release-macos-arm64 | 0.1.2 | 80.00 | OK | |||
r-release-macos-x86_64 | 0.1.2 | 165.00 | OK | |||
r-release-windows-x86_64 | 0.1.2 | 16.00 | 157.00 | 173.00 | OK | |
r-oldrel-macos-arm64 | 0.1.2 | 75.00 | OK | |||
r-oldrel-macos-x86_64 | 0.1.2 | 178.00 | OK | |||
r-oldrel-windows-x86_64 | 0.1.2 | 23.00 | 180.00 | 203.00 | OK |
Version: 0.1.2
Check: CRAN incoming feasibility
Result: NOTE
Maintainer: ‘Lukasz Smaga <ls@amu.edu.pl>’
No Authors@R field in DESCRIPTION.
Please add one, modifying
Authors@R: c(person(given = "Tomasz",
family = "Gorecki",
role = "aut"),
person(given = "Lukasz",
family = "Smaga",
role = c("aut", "cre"),
email = "ls@amu.edu.pl"))
as necessary.
Flavors: r-devel-linux-x86_64-debian-clang, r-devel-linux-x86_64-debian-gcc