Last updated on 2025-04-30 04:50:05 CEST.
Flavor | Version | Tinstall | Tcheck | Ttotal | Status | Flags |
---|---|---|---|---|---|---|
r-devel-linux-x86_64-debian-clang | 6.2.0 | 29.59 | 214.68 | 244.27 | NOTE | |
r-devel-linux-x86_64-debian-gcc | 6.2.0 | 17.65 | 140.16 | 157.81 | OK | |
r-devel-linux-x86_64-fedora-clang | 6.2.0 | 386.07 | OK | |||
r-devel-linux-x86_64-fedora-gcc | 6.2.0 | 392.34 | OK | |||
r-devel-windows-x86_64 | 6.2.0 | 30.00 | 255.00 | 285.00 | OK | |
r-patched-linux-x86_64 | 6.2.0 | 37.06 | 208.48 | 245.54 | OK | |
r-release-linux-x86_64 | 6.2.0 | 25.72 | 204.97 | 230.69 | OK | |
r-release-macos-arm64 | 6.2.0 | 112.00 | OK | |||
r-release-macos-x86_64 | 6.2.0 | 199.00 | OK | |||
r-release-windows-x86_64 | 6.2.0 | 30.00 | 252.00 | 282.00 | OK | |
r-oldrel-macos-arm64 | 6.2.0 | 86.00 | NOTE | |||
r-oldrel-macos-x86_64 | 6.2.0 | 251.00 | NOTE | |||
r-oldrel-windows-x86_64 | 6.2.0 | 42.00 | 310.00 | 352.00 | OK |
Version: 6.2.0
Check: examples
Result: NOTE
Examples with CPU (user + system) or elapsed time > 5s
user system elapsed
Fperm.fd 5.523 0.011 6.808
Flavor: r-devel-linux-x86_64-debian-clang
Version: 6.2.0
Check: installed package size
Result: NOTE
installed size is 5.0Mb
sub-directories of 1Mb or more:
doc 2.7Mb
Flavors: r-oldrel-macos-arm64, r-oldrel-macos-x86_64