Last updated on 2025-04-30 04:50:05 CEST.
Flavor | Version | Tinstall | Tcheck | Ttotal | Status | Flags |
---|---|---|---|---|---|---|
r-devel-linux-x86_64-debian-clang | 1.0.0 | 1.61 | 33.77 | 35.38 | NOTE | |
r-devel-linux-x86_64-debian-gcc | 1.0.0 | 1.54 | 25.13 | 26.67 | NOTE | |
r-devel-linux-x86_64-fedora-clang | 1.0.0 | 55.76 | OK | |||
r-devel-linux-x86_64-fedora-gcc | 1.0.0 | 53.43 | OK | |||
r-devel-windows-x86_64 | 1.0.0 | 4.00 | 63.00 | 67.00 | OK | |
r-patched-linux-x86_64 | 1.0.0 | 2.97 | 32.23 | 35.20 | OK | |
r-release-linux-x86_64 | 1.0.0 | 2.16 | 32.26 | 34.42 | OK | |
r-release-macos-arm64 | 1.0.0 | 21.00 | OK | |||
r-release-macos-x86_64 | 1.0.0 | 48.00 | OK | |||
r-release-windows-x86_64 | 1.0.0 | 4.00 | 64.00 | 68.00 | OK | |
r-oldrel-macos-arm64 | 1.0.0 | 21.00 | OK | |||
r-oldrel-macos-x86_64 | 1.0.0 | 42.00 | OK | |||
r-oldrel-windows-x86_64 | 1.0.0 | 5.00 | 67.00 | 72.00 | OK |
Version: 1.0.0
Check: CRAN incoming feasibility
Result: NOTE
Maintainer: ‘Guillermo Mestre Marcos <guillermo.mestre@comillas.edu>’
Package CITATION file contains call(s) to old-style personList() or
as.personList(). Please use c() on person objects instead.
Package CITATION file contains call(s) to old-style citEntry(). Please
use bibentry() instead.
Found the following URLs which should use \doi (with the DOI name only):
File ‘FTS_identification.Rd’:
https://doi.org/10.1016/j.csda.2020.107108
https://doi.org/10.1016/j.ijepes.2020.106083
https://doi.org/10.1016/j.jmva.2017.08.004
File ‘fit_ARHp_FPCA.Rd’:
https://doi.org/10.1080/01621459.2014.909317
File ‘obtain_FACF.Rd’:
https://doi.org/10.1016/j.csda.2020.107108
https://doi.org/10.1016/j.ijepes.2020.106083
https://doi.org/10.1016/j.jmva.2017.08.004
File ‘obtain_FPACF.Rd’:
https://doi.org/10.1016/j.csda.2020.107108
Flavors: r-devel-linux-x86_64-debian-clang, r-devel-linux-x86_64-debian-gcc
Version: 1.0.0
Check: examples
Result: NOTE
Examples with CPU (user + system) or elapsed time > 5s
user system elapsed
FTS_identification 2.846 0.169 5.495
Flavor: r-devel-linux-x86_64-debian-clang