Last updated on 2025-04-30 04:50:05 CEST.
Flavor | Version | Tinstall | Tcheck | Ttotal | Status | Flags |
---|---|---|---|---|---|---|
r-devel-linux-x86_64-debian-clang | 0.6.1 | 75.15 | 28.72 | 103.87 | OK | |
r-devel-linux-x86_64-debian-gcc | 0.6.1 | 55.05 | 22.22 | 77.27 | OK | |
r-devel-linux-x86_64-fedora-clang | 0.6.1 | 188.53 | OK | |||
r-devel-linux-x86_64-fedora-gcc | 0.6.1 | 192.82 | OK | |||
r-devel-windows-x86_64 | 0.6.1 | 81.00 | 83.00 | 164.00 | OK | |
r-patched-linux-x86_64 | 0.6.1 | 74.97 | 28.16 | 103.13 | OK | |
r-release-linux-x86_64 | 0.6.1 | 76.93 | 27.61 | 104.54 | OK | |
r-release-macos-arm64 | 0.6.1 | 52.00 | OK | |||
r-release-macos-x86_64 | 0.6.1 | 82.00 | OK | |||
r-release-windows-x86_64 | 0.6.1 | 83.00 | 80.00 | 163.00 | OK | |
r-oldrel-macos-arm64 | 0.6.1 | 49.00 | NOTE | |||
r-oldrel-macos-x86_64 | 0.6.1 | 61.00 | NOTE | |||
r-oldrel-windows-x86_64 | 0.6.1 | 93.00 | 85.00 | 178.00 | OK |
Version: 0.6.1
Check: installed package size
Result: NOTE
installed size is 7.6Mb
sub-directories of 1Mb or more:
libs 7.5Mb
Flavors: r-oldrel-macos-arm64, r-oldrel-macos-x86_64