Last updated on 2025-04-30 04:50:05 CEST.
Flavor | Version | Tinstall | Tcheck | Ttotal | Status | Flags |
---|---|---|---|---|---|---|
r-devel-linux-x86_64-debian-clang | 0.1-2 | 7.22 | 67.16 | 74.38 | NOTE | |
r-devel-linux-x86_64-debian-gcc | 0.1-2 | 6.23 | 47.66 | 53.89 | OK | |
r-devel-linux-x86_64-fedora-clang | 0.1-2 | 114.65 | OK | |||
r-devel-linux-x86_64-fedora-gcc | 0.1-2 | 110.38 | OK | |||
r-devel-windows-x86_64 | 0.1-2 | 9.00 | 81.00 | 90.00 | OK | |
r-patched-linux-x86_64 | 0.1-2 | 9.14 | 63.33 | 72.47 | OK | |
r-release-linux-x86_64 | 0.1-2 | 8.14 | 62.67 | 70.81 | OK | |
r-release-macos-arm64 | 0.1-2 | 35.00 | OK | |||
r-release-macos-x86_64 | 0.1-2 | 66.00 | OK | |||
r-release-windows-x86_64 | 0.1-2 | 9.00 | 79.00 | 88.00 | OK | |
r-oldrel-macos-arm64 | 0.1-2 | 50.00 | OK | |||
r-oldrel-macos-x86_64 | 0.1-2 | 56.00 | OK | |||
r-oldrel-windows-x86_64 | 0.1-2 | 11.00 | 100.00 | 111.00 | OK |
Version: 0.1-2
Check: examples
Result: NOTE
Examples with CPU (user + system) or elapsed time > 5s
user system elapsed
mocca 1.3 0.079 5.856
Flavor: r-devel-linux-x86_64-debian-clang