Last updated on 2025-04-30 04:50:05 CEST.
Flavor | Version | Tinstall | Tcheck | Ttotal | Status | Flags |
---|---|---|---|---|---|---|
r-devel-linux-x86_64-debian-clang | 1.1-21 | 1080.93 | 162.64 | 1243.57 | OK | |
r-devel-linux-x86_64-debian-gcc | 1.1-21 | 984.36 | 193.68 | 1178.04 | OK | |
r-devel-linux-x86_64-fedora-clang | 1.1-21 | 1847.44 | OK | |||
r-devel-linux-x86_64-fedora-gcc | 1.1-21 | 2742.36 | OK | |||
r-devel-windows-x86_64 | 1.1-21 | 1117.00 | 310.00 | 1427.00 | OK | |
r-patched-linux-x86_64 | 1.1-21 | 1305.93 | 260.50 | 1566.43 | OK | |
r-release-linux-x86_64 | 1.1-21 | 1305.09 | 259.34 | 1564.43 | OK | |
r-release-macos-arm64 | 1.1-21 | 860.00 | OK | |||
r-release-macos-x86_64 | 1.1-21 | 518.00 | OK | |||
r-release-windows-x86_64 | 1.1-21 | 1123.00 | 331.00 | 1454.00 | OK | |
r-oldrel-macos-arm64 | 1.1-21 | 539.00 | NOTE | |||
r-oldrel-macos-x86_64 | 1.1-21 | 517.00 | NOTE | |||
r-oldrel-windows-x86_64 | 1.1-21 | 1218.00 | 350.00 | 1568.00 | NOTE |
Version: 1.1-21
Check: installed package size
Result: NOTE
installed size is 12.1Mb
sub-directories of 1Mb or more:
libs 11.0Mb
Flavors: r-oldrel-macos-arm64, r-oldrel-macos-x86_64, r-oldrel-windows-x86_64
Version: 1.1-21
Check: for GNU extensions in Makefiles
Result: NOTE
GNU make is a SystemRequirements.
Flavors: r-oldrel-macos-arm64, r-oldrel-macos-x86_64, r-oldrel-windows-x86_64