CRAN Package Check Results for Package fdaPOIFD

Last updated on 2025-04-30 04:50:05 CEST.

Flavor Version Tinstall Tcheck Ttotal Status Flags
r-devel-linux-x86_64-debian-clang 1.0.3 5.57 63.66 69.23 NOTE
r-devel-linux-x86_64-debian-gcc 1.0.3 4.76 44.99 49.75 NOTE
r-devel-linux-x86_64-fedora-clang 1.0.3 102.33 NOTE
r-devel-linux-x86_64-fedora-gcc 1.0.3 112.33 NOTE
r-devel-windows-x86_64 1.0.3 7.00 79.00 86.00 OK
r-patched-linux-x86_64 1.0.3 5.50 60.24 65.74 OK
r-release-linux-x86_64 1.0.3 5.76 59.72 65.48 OK
r-release-macos-arm64 1.0.3 39.00 OK
r-release-macos-x86_64 1.0.3 72.00 OK
r-release-windows-x86_64 1.0.3 8.00 85.00 93.00 OK
r-oldrel-macos-arm64 1.0.3 37.00 OK
r-oldrel-macos-x86_64 1.0.3 62.00 OK
r-oldrel-windows-x86_64 1.0.3 10.00 93.00 103.00 OK

Check Details

Version: 1.0.3
Check: CRAN incoming feasibility
Result: NOTE Maintainer: ‘Antonio Elías <antonioefz91@gmail.com>’ The BugReports field in DESCRIPTION has https://github.com/aefdz/fdaPOIFD which should likely be https://github.com/aefdz/fdaPOIFD/issues instead. Flavors: r-devel-linux-x86_64-debian-clang, r-devel-linux-x86_64-debian-gcc

Version: 1.0.3
Check: examples
Result: NOTE Examples with CPU (user + system) or elapsed time > 5s user system elapsed outliergramPOFD 7.796 0.075 10.37 Flavor: r-devel-linux-x86_64-debian-clang

Version: 1.0.3
Check: examples
Result: NOTE Examples with CPU (user + system) or elapsed time > 5s user system elapsed outliergramPOFD 4.054 0.073 5.279 Flavor: r-devel-linux-x86_64-debian-gcc

Version: 1.0.3
Check: dependencies in R code
Result: NOTE Namespaces in Imports field not imported from: ‘FastGP’ ‘MASS’ ‘fdapace’ All declared Imports should be used. Flavors: r-devel-linux-x86_64-fedora-clang, r-devel-linux-x86_64-fedora-gcc