Last updated on 2025-02-21 03:52:12 CET.
Flavor | Version | Tinstall | Tcheck | Ttotal | Status | Flags |
---|---|---|---|---|---|---|
r-devel-linux-x86_64-debian-clang | 1.0.3 | 5.35 | 58.94 | 64.29 | OK | |
r-devel-linux-x86_64-debian-gcc | 1.0.3 | 4.10 | 40.19 | 44.29 | OK | |
r-devel-linux-x86_64-fedora-clang | 1.0.3 | 102.63 | NOTE | |||
r-devel-linux-x86_64-fedora-gcc | 1.0.3 | 113.55 | NOTE | |||
r-devel-macos-arm64 | 1.0.3 | 39.00 | OK | |||
r-devel-macos-x86_64 | 1.0.3 | 72.00 | OK | |||
r-devel-windows-x86_64 | 1.0.3 | 7.00 | 72.00 | 79.00 | OK | |
r-patched-linux-x86_64 | 1.0.3 | 6.03 | 54.65 | 60.68 | OK | |
r-release-linux-x86_64 | 1.0.3 | 5.58 | 54.46 | 60.04 | OK | |
r-release-macos-arm64 | 1.0.3 | 37.00 | OK | |||
r-release-macos-x86_64 | 1.0.3 | 62.00 | OK | |||
r-release-windows-x86_64 | 1.0.3 | 8.00 | 72.00 | 80.00 | OK | |
r-oldrel-macos-arm64 | 1.0.3 | 38.00 | OK | |||
r-oldrel-macos-x86_64 | 1.0.3 | 57.00 | OK | |||
r-oldrel-windows-x86_64 | 1.0.3 | 8.00 | 83.00 | 91.00 | OK |
Version: 1.0.3
Check: dependencies in R code
Result: NOTE
Namespaces in Imports field not imported from:
‘FastGP’ ‘MASS’ ‘fdapace’
All declared Imports should be used.
Flavors: r-devel-linux-x86_64-fedora-clang, r-devel-linux-x86_64-fedora-gcc