Last updated on 2025-04-30 04:50:05 CEST.
Flavor | Version | Tinstall | Tcheck | Ttotal | Status | Flags |
---|---|---|---|---|---|---|
r-devel-linux-x86_64-debian-clang | 1.1.1 | 221.58 | 82.71 | 304.29 | OK | |
r-devel-linux-x86_64-debian-gcc | 1.1.1 | 137.85 | 57.74 | 195.59 | OK | |
r-devel-linux-x86_64-fedora-clang | 1.1.1 | 454.48 | OK | |||
r-devel-linux-x86_64-fedora-gcc | 1.1.1 | 513.26 | OK | |||
r-devel-windows-x86_64 | 1.1.1 | 190.00 | 121.00 | 311.00 | OK | |
r-patched-linux-x86_64 | 1.1.1 | 205.62 | 77.29 | 282.91 | OK | |
r-release-linux-x86_64 | 1.1.1 | 202.86 | 79.36 | 282.22 | OK | |
r-release-macos-arm64 | 1.1.1 | 128.00 | OK | |||
r-release-macos-x86_64 | 1.1.1 | 196.00 | OK | |||
r-release-windows-x86_64 | 1.1.1 | 190.00 | 122.00 | 312.00 | OK | |
r-oldrel-macos-arm64 | 1.1.1 | 119.00 | NOTE | |||
r-oldrel-macos-x86_64 | 1.1.1 | 148.00 | NOTE | |||
r-oldrel-windows-x86_64 | 1.1.1 | 216.00 | 150.00 | 366.00 | OK |
Version: 1.1.1
Check: installed package size
Result: NOTE
installed size is 25.5Mb
sub-directories of 1Mb or more:
libs 25.1Mb
Flavors: r-oldrel-macos-arm64, r-oldrel-macos-x86_64