Last updated on 2025-04-30 04:50:05 CEST.
Flavor | Version | Tinstall | Tcheck | Ttotal | Status | Flags |
---|---|---|---|---|---|---|
r-devel-linux-x86_64-debian-clang | 0.1.1 | 57.72 | 92.55 | 150.27 | OK | |
r-devel-linux-x86_64-debian-gcc | 0.1.1 | 49.83 | 70.70 | 120.53 | OK | |
r-devel-linux-x86_64-fedora-clang | 0.1.1 | 232.64 | OK | |||
r-devel-linux-x86_64-fedora-gcc | 0.1.1 | 244.75 | OK | |||
r-devel-windows-x86_64 | 0.1.1 | 63.00 | 117.00 | 180.00 | OK | |
r-patched-linux-x86_64 | 0.1.1 | 62.77 | 92.54 | 155.31 | OK | |
r-release-linux-x86_64 | 0.1.1 | 61.32 | 93.91 | 155.23 | OK | |
r-release-macos-arm64 | 0.1.1 | 65.00 | OK | |||
r-release-macos-x86_64 | 0.1.1 | 111.00 | OK | |||
r-release-windows-x86_64 | 0.1.1 | 59.00 | 112.00 | 171.00 | OK | |
r-oldrel-macos-arm64 | 0.1.1 | 63.00 | NOTE | |||
r-oldrel-macos-x86_64 | 0.1.1 | 88.00 | NOTE | |||
r-oldrel-windows-x86_64 | 0.1.1 | 73.00 | 144.00 | 217.00 | OK |
Version: 0.1.1
Check: installed package size
Result: NOTE
installed size is 17.0Mb
sub-directories of 1Mb or more:
libs 16.9Mb
Flavors: r-oldrel-macos-arm64, r-oldrel-macos-x86_64