Last updated on 2025-04-30 04:50:05 CEST.
Flavor | Version | Tinstall | Tcheck | Ttotal | Status | Flags |
---|---|---|---|---|---|---|
r-devel-linux-x86_64-debian-clang | 1.0-2 | 120.28 | 156.91 | 277.19 | OK | |
r-devel-linux-x86_64-debian-gcc | 1.0-2 | 83.31 | 110.55 | 193.86 | OK | |
r-devel-linux-x86_64-fedora-clang | 1.0-2 | 501.90 | OK | |||
r-devel-linux-x86_64-fedora-gcc | 1.0-2 | 486.42 | OK | |||
r-devel-windows-x86_64 | 1.0-2 | 139.00 | 188.00 | 327.00 | OK | |
r-patched-linux-x86_64 | 1.0-2 | 115.40 | 154.48 | 269.88 | OK | |
r-release-linux-x86_64 | 1.0-2 | 114.09 | 155.63 | 269.72 | OK | |
r-release-macos-arm64 | 1.0-2 | 110.00 | OK | |||
r-release-macos-x86_64 | 1.0-2 | 188.00 | OK | |||
r-release-windows-x86_64 | 1.0-2 | 140.00 | 183.00 | 323.00 | OK | |
r-oldrel-macos-arm64 | 1.0-2 | 146.00 | NOTE | |||
r-oldrel-macos-x86_64 | 1.0-2 | 282.00 | NOTE | |||
r-oldrel-windows-x86_64 | 1.0-2 | 152.00 | 265.00 | 417.00 | OK |
Version: 1.0-2
Check: installed package size
Result: NOTE
installed size is 12.0Mb
sub-directories of 1Mb or more:
doc 1.6Mb
libs 9.5Mb
Flavors: r-oldrel-macos-arm64, r-oldrel-macos-x86_64