Last updated on 2025-04-30 04:50:05 CEST.
Flavor | Version | Tinstall | Tcheck | Ttotal | Status | Flags |
---|---|---|---|---|---|---|
r-devel-linux-x86_64-debian-clang | 0.9.9 | 20.08 | 172.93 | 193.01 | NOTE | |
r-devel-linux-x86_64-debian-gcc | 0.9.9 | 13.68 | 116.22 | 129.90 | OK | |
r-devel-linux-x86_64-fedora-clang | 0.9.9 | 315.38 | OK | |||
r-devel-linux-x86_64-fedora-gcc | 0.9.9 | 299.35 | OK | |||
r-devel-windows-x86_64 | 0.9.9 | 23.00 | 215.00 | 238.00 | OK | |
r-patched-linux-x86_64 | 0.9.9 | 20.45 | 160.93 | 181.38 | OK | |
r-release-linux-x86_64 | 0.9.9 | 19.01 | 160.40 | 179.41 | OK | |
r-release-macos-arm64 | 0.9.9 | 72.00 | OK | |||
r-release-macos-x86_64 | 0.9.9 | 143.00 | OK | |||
r-release-windows-x86_64 | 0.9.9 | 24.00 | 211.00 | 235.00 | OK | |
r-oldrel-macos-arm64 | 0.9.9 | 73.00 | OK | |||
r-oldrel-macos-x86_64 | 0.9.9 | 118.00 | OK | |||
r-oldrel-windows-x86_64 | 0.9.9 | 26.00 | 266.00 | 292.00 | OK |
Version: 0.9.9
Check: examples
Result: NOTE
Examples with CPU (user + system) or elapsed time > 5s
user system elapsed
plotdata 4.333 0.010 6.581
general.rules 3.832 0.507 5.447
Flavor: r-devel-linux-x86_64-debian-clang