Last updated on 2025-04-30 04:50:05 CEST.
Flavor | Version | Tinstall | Tcheck | Ttotal | Status | Flags |
---|---|---|---|---|---|---|
r-devel-linux-x86_64-debian-clang | 1.4 | 11.57 | 90.94 | 102.51 | NOTE | |
r-devel-linux-x86_64-debian-gcc | 1.4 | 8.76 | 64.56 | 73.32 | NOTE | |
r-devel-linux-x86_64-fedora-clang | 1.4 | 167.19 | OK | |||
r-devel-linux-x86_64-fedora-gcc | 1.4 | 146.46 | OK | |||
r-devel-windows-x86_64 | 1.4 | 14.00 | 98.00 | 112.00 | OK | |
r-patched-linux-x86_64 | 1.4 | 10.52 | 86.15 | 96.67 | OK | |
r-release-linux-x86_64 | 1.4 | 10.87 | 86.31 | 97.18 | OK | |
r-release-macos-arm64 | 1.4 | 41.00 | OK | |||
r-release-macos-x86_64 | 1.4 | 94.00 | OK | |||
r-release-windows-x86_64 | 1.4 | 13.00 | 95.00 | 108.00 | OK | |
r-oldrel-macos-arm64 | 1.4 | 38.00 | OK | |||
r-oldrel-macos-x86_64 | 1.4 | 67.00 | OK | |||
r-oldrel-windows-x86_64 | 1.4 | 16.00 | 119.00 | 135.00 | OK |
Version: 1.4
Check: CRAN incoming feasibility
Result: NOTE
Maintainer: ‘Xiongzhi Chen <xiongzhi.chen@wsu.edu>’
No Authors@R field in DESCRIPTION.
Please add one, modifying
Authors@R: c(person(given = "Xiongzhi",
family = "Chen",
role = c("aut", "cre"),
email = "xiongzhi.chen@wsu.edu"),
person(given = c("Rebecca", "W."),
family = "Doerge",
role = "aut",
email = "rwdoerge@andrew.cmu.edu"))
as necessary.
Flavors: r-devel-linux-x86_64-debian-clang, r-devel-linux-x86_64-debian-gcc