Last updated on 2025-04-30 04:50:05 CEST.
Flavor | Version | Tinstall | Tcheck | Ttotal | Status | Flags |
---|---|---|---|---|---|---|
r-devel-linux-x86_64-debian-clang | 2.4 | 4.74 | 53.10 | 57.84 | NOTE | |
r-devel-linux-x86_64-debian-gcc | 2.4 | 3.87 | 37.67 | 41.54 | NOTE | |
r-devel-linux-x86_64-fedora-clang | 2.4 | 87.54 | OK | |||
r-devel-linux-x86_64-fedora-gcc | 2.4 | 92.19 | OK | |||
r-devel-windows-x86_64 | 2.4 | 7.00 | 70.00 | 77.00 | OK | |
r-patched-linux-x86_64 | 2.4 | 4.27 | 49.61 | 53.88 | OK | |
r-release-linux-x86_64 | 2.4 | 4.76 | 48.05 | 52.81 | OK | |
r-release-macos-arm64 | 2.4 | 54.00 | OK | |||
r-release-macos-x86_64 | 2.4 | 92.00 | OK | |||
r-release-windows-x86_64 | 2.4 | 7.00 | 75.00 | 82.00 | OK | |
r-oldrel-macos-arm64 | 2.4 | 33.00 | OK | |||
r-oldrel-macos-x86_64 | 2.4 | 66.00 | OK | |||
r-oldrel-windows-x86_64 | 2.4 | 8.00 | 80.00 | 88.00 | OK |
Version: 2.4
Check: CRAN incoming feasibility
Result: NOTE
Maintainer: ‘Joshua Millstein <joshua.millstein@usc.edu>’
Package CITATION file contains call(s) to old-style personList() or
as.personList(). Please use c() on person objects instead.
Package CITATION file contains call(s) to old-style citEntry(). Please
use bibentry() instead.
Flavors: r-devel-linux-x86_64-debian-clang, r-devel-linux-x86_64-debian-gcc