Last updated on 2025-04-30 04:50:05 CEST.
Flavor | Version | Tinstall | Tcheck | Ttotal | Status | Flags |
---|---|---|---|---|---|---|
r-devel-linux-x86_64-debian-clang | 0.1.2 | 3.13 | 44.56 | 47.69 | NOTE | |
r-devel-linux-x86_64-debian-gcc | 0.1.2 | 1.85 | 31.41 | 33.26 | NOTE | |
r-devel-linux-x86_64-fedora-clang | 0.1.2 | 79.28 | OK | |||
r-devel-linux-x86_64-fedora-gcc | 0.1.2 | 73.25 | OK | |||
r-devel-windows-x86_64 | 0.1.2 | 4.00 | 64.00 | 68.00 | OK | |
r-patched-linux-x86_64 | 0.1.2 | 3.14 | 42.64 | 45.78 | OK | |
r-release-linux-x86_64 | 0.1.2 | 2.83 | 43.27 | 46.10 | OK | |
r-release-macos-arm64 | 0.1.2 | 41.00 | OK | |||
r-release-macos-x86_64 | 0.1.2 | 53.00 | OK | |||
r-release-windows-x86_64 | 0.1.2 | 5.00 | 63.00 | 68.00 | OK | |
r-oldrel-macos-arm64 | 0.1.2 | 37.00 | OK | |||
r-oldrel-macos-x86_64 | 0.1.2 | 48.00 | OK | |||
r-oldrel-windows-x86_64 | 0.1.2 | 5.00 | 71.00 | 76.00 | OK |
Version: 0.1.2
Check: examples
Result: NOTE
Examples with CPU (user + system) or elapsed time > 5s
user system elapsed
aggregate_psd2_keyword_features 8.857 0.308 11.186
Flavor: r-devel-linux-x86_64-debian-clang
Version: 0.1.2
Check: examples
Result: NOTE
Examples with CPU (user + system) or elapsed time > 5s
user system elapsed
aggregate_psd2_keyword_features 4.833 0.134 5.839
Flavor: r-devel-linux-x86_64-debian-gcc