Last updated on 2025-04-30 04:50:05 CEST.
Flavor | Version | Tinstall | Tcheck | Ttotal | Status | Flags |
---|---|---|---|---|---|---|
r-devel-linux-x86_64-debian-clang | 1.2 | 2.09 | 28.54 | 30.63 | NOTE | |
r-devel-linux-x86_64-debian-gcc | 1.2 | 1.69 | 22.57 | 24.26 | OK | |
r-devel-linux-x86_64-fedora-clang | 1.2 | 48.60 | OK | |||
r-devel-linux-x86_64-fedora-gcc | 1.2 | 62.41 | OK | |||
r-devel-windows-x86_64 | 1.2 | 3.00 | 51.00 | 54.00 | OK | |
r-patched-linux-x86_64 | 1.2 | 2.20 | 27.94 | 30.14 | OK | |
r-release-linux-x86_64 | 1.2 | 1.95 | 28.01 | 29.96 | OK | |
r-release-macos-arm64 | 1.2 | 25.00 | OK | |||
r-release-macos-x86_64 | 1.2 | 45.00 | OK | |||
r-release-windows-x86_64 | 1.2 | 3.00 | 51.00 | 54.00 | OK | |
r-oldrel-macos-arm64 | 1.2 | 44.00 | OK | |||
r-oldrel-macos-x86_64 | 1.2 | 76.00 | OK | |||
r-oldrel-windows-x86_64 | 1.2 | 4.00 | 52.00 | 56.00 | OK |
Version: 1.2
Check: examples
Result: NOTE
Examples with CPU (user + system) or elapsed time > 5s
user system elapsed
findFeatures 4.795 0.141 6.367
Flavor: r-devel-linux-x86_64-debian-clang