Last updated on 2025-04-30 04:50:05 CEST.
Flavor | Version | Tinstall | Tcheck | Ttotal | Status | Flags |
---|---|---|---|---|---|---|
r-devel-linux-x86_64-debian-clang | 1.0.0 | 116.20 | 144.81 | 261.01 | NOTE | |
r-devel-linux-x86_64-debian-gcc | 1.0.0 | 86.77 | 98.53 | 185.30 | NOTE | |
r-devel-linux-x86_64-fedora-clang | 1.0.0 | 492.62 | NOTE | |||
r-devel-linux-x86_64-fedora-gcc | 1.0.0 | 446.58 | NOTE | |||
r-devel-windows-x86_64 | 1.0.0 | 134.00 | 157.00 | 291.00 | NOTE | |
r-patched-linux-x86_64 | 1.0.0 | 120.94 | 134.22 | 255.16 | NOTE | |
r-release-linux-x86_64 | 1.0.0 | 116.95 | 135.11 | 252.06 | NOTE | |
r-release-macos-arm64 | 1.0.0 | 102.00 | NOTE | |||
r-release-macos-x86_64 | 1.0.0 | 176.00 | NOTE | |||
r-release-windows-x86_64 | 1.0.0 | 131.00 | 146.00 | 277.00 | NOTE | |
r-oldrel-macos-arm64 | 1.0.0 | 92.00 | NOTE | |||
r-oldrel-macos-x86_64 | 1.0.0 | 126.00 | NOTE | |||
r-oldrel-windows-x86_64 | 1.0.0 | 158.00 | 200.00 | 358.00 | NOTE |
Version: 1.0.0
Check: CRAN incoming feasibility
Result: NOTE
Maintainer: ‘Ziyi Liu <zyliu2020@uchicago.edu>’
The Description field contains
be found in Liu, Wang and Xu (2022) <arXiv:2107.00856>.
Please refer to arXiv e-prints via their arXiv DOI <doi:10.48550/arXiv.YYMM.NNNNN>.
Flavors: r-devel-linux-x86_64-debian-clang, r-devel-linux-x86_64-debian-gcc
Version: 1.0.0
Check: C++ specification
Result: NOTE
Specified C++11: please drop specification unless essential
Flavors: r-devel-linux-x86_64-debian-clang, r-devel-linux-x86_64-debian-gcc, r-devel-linux-x86_64-fedora-clang, r-devel-linux-x86_64-fedora-gcc, r-devel-windows-x86_64, r-patched-linux-x86_64, r-release-linux-x86_64, r-release-macos-arm64, r-release-macos-x86_64, r-release-windows-x86_64, r-oldrel-macos-arm64, r-oldrel-macos-x86_64, r-oldrel-windows-x86_64
Version: 1.0.0
Check: dependencies in R code
Result: NOTE
Namespace in Imports field not imported from: ‘panelView’
All declared Imports should be used.
Flavors: r-devel-linux-x86_64-fedora-clang, r-devel-linux-x86_64-fedora-gcc
Version: 1.0.0
Check: installed package size
Result: NOTE
installed size is 8.6Mb
sub-directories of 1Mb or more:
libs 7.2Mb
Flavors: r-oldrel-macos-arm64, r-oldrel-macos-x86_64