Last updated on 2025-04-30 04:50:05 CEST.
Flavor | Version | Tinstall | Tcheck | Ttotal | Status | Flags |
---|---|---|---|---|---|---|
r-devel-linux-x86_64-debian-clang | 0.1.0 | 1.80 | 25.57 | 27.37 | NOTE | |
r-devel-linux-x86_64-debian-gcc | 0.1.0 | 1.43 | 19.59 | 21.02 | NOTE | |
r-devel-linux-x86_64-fedora-clang | 0.1.0 | 42.75 | OK | |||
r-devel-linux-x86_64-fedora-gcc | 0.1.0 | 42.77 | OK | |||
r-devel-windows-x86_64 | 0.1.0 | 3.00 | 62.00 | 65.00 | OK | |
r-patched-linux-x86_64 | 0.1.0 | 1.93 | 24.95 | 26.88 | OK | |
r-release-linux-x86_64 | 0.1.0 | 1.74 | 25.00 | 26.74 | OK | |
r-release-macos-arm64 | 0.1.0 | 23.00 | OK | |||
r-release-macos-x86_64 | 0.1.0 | 34.00 | OK | |||
r-release-windows-x86_64 | 0.1.0 | 3.00 | 50.00 | 53.00 | OK | |
r-oldrel-macos-arm64 | 0.1.0 | 20.00 | OK | |||
r-oldrel-macos-x86_64 | 0.1.0 | 28.00 | OK | |||
r-oldrel-windows-x86_64 | 0.1.0 | 3.00 | 57.00 | 60.00 | OK |
Version: 0.1.0
Check: examples
Result: NOTE
Examples with CPU (user + system) or elapsed time > 5s
user system elapsed
search_tables 6.862 0.14 10.272
Flavor: r-devel-linux-x86_64-debian-clang
Version: 0.1.0
Check: examples
Result: NOTE
Examples with CPU (user + system) or elapsed time > 5s
user system elapsed
search_tables 4.304 0.298 8.166
Flavor: r-devel-linux-x86_64-debian-gcc