CRAN Package Check Results for Package fence

Last updated on 2025-04-30 04:50:05 CEST.

Flavor Version Tinstall Tcheck Ttotal Status Flags
r-devel-linux-x86_64-debian-clang 1.0 14.68 107.25 121.93 NOTE
r-devel-linux-x86_64-debian-gcc 1.0 9.57 77.14 86.71 NOTE
r-devel-linux-x86_64-fedora-clang 1.0 177.87 OK
r-devel-linux-x86_64-fedora-gcc 1.0 165.55 OK
r-devel-windows-x86_64 1.0 14.00 104.00 118.00 OK
r-patched-linux-x86_64 1.0 12.41 98.21 110.62 OK
r-release-linux-x86_64 1.0 13.26 98.50 111.76 OK
r-release-macos-arm64 1.0 52.00 OK
r-release-macos-x86_64 1.0 92.00 OK
r-release-windows-x86_64 1.0 14.00 111.00 125.00 OK
r-oldrel-macos-arm64 1.0 44.00 OK
r-oldrel-macos-x86_64 1.0 70.00 OK
r-oldrel-windows-x86_64 1.0 17.00 135.00 152.00 OK

Check Details

Version: 1.0
Check: CRAN incoming feasibility
Result: NOTE Maintainer: ‘Thuan Nguyen <nguythua@ohsu.edu>’ No Authors@R field in DESCRIPTION. Please add one, modifying Authors@R: c(person(given = "Jiming", family = "Jiang", role = "aut"), person(given = "Jianyang", family = "Zhao", role = "aut"), person(given = c("J.", "Sunil"), family = "Rao", role = "aut"), person(given = "Thuan", family = "Nguyen", role = c("aut", "cre"), email = "nguythua@ohsu.edu")) as necessary. Flavors: r-devel-linux-x86_64-debian-clang, r-devel-linux-x86_64-debian-gcc