Last updated on 2025-04-30 04:50:05 CEST.
Flavor | Version | Tinstall | Tcheck | Ttotal | Status | Flags |
---|---|---|---|---|---|---|
r-devel-linux-x86_64-debian-clang | 1.1.4 | 18.76 | 157.16 | 175.92 | NOTE | |
r-devel-linux-x86_64-debian-gcc | 1.1.4 | 16.40 | 118.50 | 134.90 | OK | |
r-devel-linux-x86_64-fedora-clang | 1.1.4 | 258.41 | OK | |||
r-devel-linux-x86_64-fedora-gcc | 1.1.4 | 268.42 | OK | |||
r-devel-windows-x86_64 | 1.1.4 | 18.00 | 146.00 | 164.00 | OK | |
r-patched-linux-x86_64 | 1.1.4 | 23.07 | 151.15 | 174.22 | OK | |
r-release-linux-x86_64 | 1.1.4 | 21.97 | 151.45 | 173.42 | OK | |
r-release-macos-arm64 | 1.1.4 | 71.00 | OK | |||
r-release-macos-x86_64 | 1.1.4 | 142.00 | OK | |||
r-release-windows-x86_64 | 1.1.4 | 16.00 | 151.00 | 167.00 | OK | |
r-oldrel-macos-arm64 | 1.1.4 | 77.00 | OK | |||
r-oldrel-macos-x86_64 | 1.1.4 | 125.00 | OK | |||
r-oldrel-windows-x86_64 | 1.1.4 | 22.00 | 186.00 | 208.00 | OK |
Version: 1.1.4
Check: examples
Result: NOTE
Examples with CPU (user + system) or elapsed time > 5s
user system elapsed
coef_posterior_density 4.783 0.118 5.332
coef_plot 4.548 0.338 5.479
compare_predictions 4.313 0.240 6.488
fergm_beta_traceplot 3.576 0.005 5.015
Flavor: r-devel-linux-x86_64-debian-clang