Last updated on 2025-04-30 04:50:05 CEST.
Flavor | Version | Tinstall | Tcheck | Ttotal | Status | Flags |
---|---|---|---|---|---|---|
r-devel-linux-x86_64-debian-clang | 4.5.2 | 38.43 | 98.07 | 136.50 | NOTE | |
r-devel-linux-x86_64-debian-gcc | 4.5.2 | 31.84 | 67.09 | 98.93 | NOTE | |
r-devel-linux-x86_64-fedora-clang | 4.5.2 | 216.32 | NOTE | |||
r-devel-linux-x86_64-fedora-gcc | 4.5.2 | 224.84 | NOTE | |||
r-devel-windows-x86_64 | 4.5.2 | 53.00 | 135.00 | 188.00 | NOTE | |
r-patched-linux-x86_64 | 4.5.2 | 46.64 | 93.03 | 139.67 | NOTE | |
r-release-linux-x86_64 | 4.5.2 | 40.71 | 91.63 | 132.34 | NOTE | |
r-release-macos-arm64 | 4.5.2 | 60.00 | NOTE | |||
r-release-macos-x86_64 | 4.5.2 | 166.00 | NOTE | |||
r-release-windows-x86_64 | 4.5.2 | 55.00 | 132.00 | 187.00 | NOTE | |
r-oldrel-macos-arm64 | 4.5.2 | 62.00 | OK | |||
r-oldrel-macos-x86_64 | 4.5.2 | 127.00 | OK | |||
r-oldrel-windows-x86_64 | 4.5.2 | 68.00 | 154.00 | 222.00 | NOTE |
Version: 4.5.2
Check: dependencies in R code
Result: NOTE
Unexported object imported by a ':::' call: ‘bit:::R_bit_as_hi’
See the note in ?`:::` about the use of this operator.
Flavors: r-devel-linux-x86_64-debian-clang, r-devel-linux-x86_64-debian-gcc, r-devel-linux-x86_64-fedora-clang, r-devel-linux-x86_64-fedora-gcc, r-devel-windows-x86_64, r-patched-linux-x86_64, r-release-linux-x86_64, r-release-macos-arm64, r-release-macos-x86_64, r-release-windows-x86_64, r-oldrel-windows-x86_64
Version: 4.5.2
Check: examples
Result: NOTE
Examples with CPU (user + system) or elapsed time > 5s
user system elapsed
ffapply 3.973 0.005 5.535
Flavor: r-devel-linux-x86_64-debian-clang