Last updated on 2025-04-30 04:50:05 CEST.
Flavor | Version | Tinstall | Tcheck | Ttotal | Status | Flags |
---|---|---|---|---|---|---|
r-devel-linux-x86_64-debian-clang | 0.1-8 | 38.96 | 85.51 | 124.47 | NOTE | |
r-devel-linux-x86_64-debian-gcc | 0.1-8 | 25.49 | 60.48 | 85.97 | NOTE | |
r-devel-linux-x86_64-fedora-clang | 0.1-8 | 218.17 | OK | |||
r-devel-linux-x86_64-fedora-gcc | 0.1-8 | 194.94 | OK | |||
r-devel-windows-x86_64 | 0.1-8 | 44.00 | 111.00 | 155.00 | OK | |
r-patched-linux-x86_64 | 0.1-8 | 37.64 | 82.81 | 120.45 | OK | |
r-release-linux-x86_64 | 0.1-8 | 36.43 | 81.19 | 117.62 | OK | |
r-release-macos-arm64 | 0.1-8 | 59.00 | OK | |||
r-release-macos-x86_64 | 0.1-8 | 98.00 | OK | |||
r-release-windows-x86_64 | 0.1-8 | 45.00 | 108.00 | 153.00 | OK | |
r-oldrel-macos-arm64 | 0.1-8 | 53.00 | OK | |||
r-oldrel-macos-x86_64 | 0.1-8 | 76.00 | OK | |||
r-oldrel-windows-x86_64 | 0.1-8 | 51.00 | 137.00 | 188.00 | OK |
Version: 0.1-8
Check: CRAN incoming feasibility
Result: NOTE
Maintainer: ‘Natalya Pya Arnqvist <nat.pya@gmail.com>’
No Authors@R field in DESCRIPTION.
Please add one, modifying
Authors@R: c(person(given = c("Natalya", "Pya"),
family = "Arnqvist",
role = c("aut", "cre"),
email = "nat.pya@gmail.com"),
person(given = c("Sara", "Sjöstedt"),
family = "de Luna",
role = "aut"),
person(given = "Konrad",
family = "Abramowicz",
role = "aut"))
as necessary.
Flavors: r-devel-linux-x86_64-debian-clang, r-devel-linux-x86_64-debian-gcc
Version: 0.1-8
Check: examples
Result: NOTE
Examples with CPU (user + system) or elapsed time > 5s
user system elapsed
fled 5.189 0.096 5.457
Flavor: r-devel-linux-x86_64-debian-clang