Last updated on 2025-04-30 04:50:05 CEST.
Flavor | Version | Tinstall | Tcheck | Ttotal | Status | Flags |
---|---|---|---|---|---|---|
r-devel-linux-x86_64-debian-clang | 1.0.1 | 11.02 | 179.40 | 190.42 | NOTE | |
r-devel-linux-x86_64-debian-gcc | 1.0.1 | 7.31 | 129.14 | 136.45 | OK | |
r-devel-linux-x86_64-fedora-clang | 1.0.1 | 294.59 | NOTE | |||
r-devel-linux-x86_64-fedora-gcc | 1.0.1 | 288.50 | NOTE | |||
r-devel-windows-x86_64 | 1.0.1 | 12.00 | 281.00 | 293.00 | OK | |
r-patched-linux-x86_64 | 1.0.1 | 11.42 | 169.25 | 180.67 | OK | |
r-release-linux-x86_64 | 1.0.1 | 10.50 | 170.21 | 180.71 | OK | |
r-release-macos-arm64 | 1.0.1 | 149.00 | OK | |||
r-release-macos-x86_64 | 1.0.1 | 241.00 | OK | |||
r-release-windows-x86_64 | 1.0.1 | 13.00 | 266.00 | 279.00 | OK | |
r-oldrel-macos-arm64 | 1.0.1 | 103.00 | OK | |||
r-oldrel-macos-x86_64 | 1.0.1 | 177.00 | OK | |||
r-oldrel-windows-x86_64 | 1.0.1 | 15.00 | 293.00 | 308.00 | OK |
Version: 1.0.1
Check: examples
Result: NOTE
Examples with CPU (user + system) or elapsed time > 5s
user system elapsed
fic.coxph 4.175 0.058 5.479
Flavor: r-devel-linux-x86_64-debian-clang
Version: 1.0.1
Check: dependencies in R code
Result: NOTE
Namespaces in Imports field not imported from:
‘mgcv’ ‘numDeriv’
All declared Imports should be used.
Flavors: r-devel-linux-x86_64-fedora-clang, r-devel-linux-x86_64-fedora-gcc