Last updated on 2025-04-30 04:50:05 CEST.
Flavor | Version | Tinstall | Tcheck | Ttotal | Status | Flags |
---|---|---|---|---|---|---|
r-devel-linux-x86_64-debian-clang | 1.1.2 | 349.82 | 183.13 | 532.95 | OK | |
r-devel-linux-x86_64-debian-gcc | 1.1.2 | 299.68 | 163.08 | 462.76 | OK | |
r-devel-linux-x86_64-fedora-clang | 1.1.2 | 986.23 | OK | |||
r-devel-linux-x86_64-fedora-gcc | 1.1.2 | 1135.16 | OK | |||
r-devel-windows-x86_64 | 1.1.2 | 383.00 | 255.00 | 638.00 | OK | |
r-patched-linux-x86_64 | 1.1.2 | 407.42 | 222.59 | 630.01 | OK | |
r-release-linux-x86_64 | 1.1.2 | 405.47 | 222.24 | 627.71 | OK | |
r-release-macos-arm64 | 1.1.2 | 213.00 | OK | |||
r-release-macos-x86_64 | 1.1.2 | 248.00 | OK | |||
r-release-windows-x86_64 | 1.1.2 | 379.00 | 247.00 | 626.00 | OK | |
r-oldrel-macos-arm64 | 1.1.2 | 205.00 | NOTE | |||
r-oldrel-macos-x86_64 | 1.1.2 | 263.00 | NOTE | |||
r-oldrel-windows-x86_64 | 1.1.2 | 413.00 | 300.00 | 713.00 | NOTE |
Version: 1.1.2
Check: installed package size
Result: NOTE
installed size is 61.5Mb
sub-directories of 1Mb or more:
data 1.9Mb
libs 57.6Mb
Flavors: r-oldrel-macos-arm64, r-oldrel-macos-x86_64, r-oldrel-windows-x86_64