Last updated on 2025-04-30 04:50:05 CEST.
Flavor | Version | Tinstall | Tcheck | Ttotal | Status | Flags |
---|---|---|---|---|---|---|
r-devel-linux-x86_64-debian-clang | 1.2.1 | 11.64 | 56.27 | 67.91 | OK | |
r-devel-linux-x86_64-debian-gcc | 1.2.1 | 7.87 | 43.12 | 50.99 | OK | |
r-devel-linux-x86_64-fedora-clang | 1.2.1 | 110.85 | OK | |||
r-devel-linux-x86_64-fedora-gcc | 1.2.1 | 115.15 | OK | |||
r-devel-windows-x86_64 | 1.2.1 | 12.00 | 107.00 | 119.00 | ERROR | |
r-patched-linux-x86_64 | 1.2.1 | 11.38 | 52.72 | 64.10 | OK | |
r-release-linux-x86_64 | 1.2.1 | 10.46 | 52.67 | 63.13 | OK | |
r-release-macos-arm64 | 1.2.1 | 75.00 | OK | |||
r-release-macos-x86_64 | 1.2.1 | 110.00 | OK | |||
r-release-windows-x86_64 | 1.2.1 | 12.00 | 111.00 | 123.00 | OK | |
r-oldrel-macos-arm64 | 1.2.1 | 64.00 | OK | |||
r-oldrel-macos-x86_64 | 1.2.1 | 85.00 | OK | |||
r-oldrel-windows-x86_64 | 1.2.1 | 14.00 | 113.00 | 127.00 | ERROR |
Version: 1.2.1
Check: tests
Result: ERROR
Running 'testthat.R' [29s]
Running the tests in 'tests/testthat.R' failed.
Complete output:
> # This file is part of the standard setup for testthat.
> # It is recommended that you do not modify it.
> #
> # Where should you do additional test configuration?
> # Learn more about the roles of various files in:
> # * https://r-pkgs.org/tests.html
> # * https://testthat.r-lib.org/reference/test_package.html#special-files
>
> library(testthat)
> library(fiery)
>
> test_check("fiery")
Fire started at 127.0.0.1:58289
Fire started at 127.0.0.1:58289
Fire restarted at 127.0.0.1:58289
Fire restarted at 127.0.0.1:58289
Fire started at 127.0.0.1:58289
Fire restarted at 127.0.0.1:58289
createTcpServer: permission denied
Fire started at 127.0.0.1:51743
Fire started at 127.0.0.1:53296
Fire started at 127.0.0.1:65177
Fire started at 127.0.0.1:65177
closing
Fire started at 127.0.0.1:50160
Fire started at 127.0.0.1:57994
[ FAIL 1 | WARN 0 | SKIP 5 | PASS 244 ]
══ Skipped tests (5) ═══════════════════════════════════════════════════════════
• On CRAN (4): 'test-Fire.R:95:5', 'test-Fire.R:400:5', 'test-Fire.R:497:5',
'test-loggers.R:10:5'
• On Windows (1): 'test-Fire.R:364:5'
══ Failed tests ════════════════════════════════════════════════════════════════
── Error ('test-Fire.R:289:9'): errors in start and resume gets caught ─────────
Error in `initialize(...)`: Failed to create server
Backtrace:
▆
1. ├─testthat::expect_output(...) at test-Fire.R:288:5
2. │ └─testthat:::quasi_capture(...)
3. │ ├─testthat (local) .capture(...)
4. │ │ └─testthat::capture_output_lines(code, print, width = width)
5. │ │ └─testthat:::eval_with_output(code, print = print, width = width)
6. │ │ ├─withr::with_output_sink(path, withVisible(code))
7. │ │ │ └─base::force(code)
8. │ │ └─base::withVisible(code)
9. │ └─rlang::eval_bare(quo_get_expr(.quo), quo_get_env(.quo))
10. └─app$ignite(silent = TRUE, block = FALSE) at test-Fire.R:289:9
11. └─private$run(block = block, showcase = showcase, ..., silent = silent)
12. └─private$run_allowing_server(showcase = showcase)
13. └─httpuv::startDaemonizedServer(...)
14. └─WebServer$new(host, port, app, quiet)
15. └─httpuv (local) initialize(...)
[ FAIL 1 | WARN 0 | SKIP 5 | PASS 244 ]
Error: Test failures
Execution halted
Flavor: r-devel-windows-x86_64
Version: 1.2.1
Check: tests
Result: ERROR
Running 'testthat.R' [32s]
Running the tests in 'tests/testthat.R' failed.
Complete output:
> # This file is part of the standard setup for testthat.
> # It is recommended that you do not modify it.
> #
> # Where should you do additional test configuration?
> # Learn more about the roles of various files in:
> # * https://r-pkgs.org/tests.html
> # * https://testthat.r-lib.org/reference/test_package.html#special-files
>
> library(testthat)
> library(fiery)
>
> test_check("fiery")
Fire started at 127.0.0.1:56818
Fire started at 127.0.0.1:56818
Fire restarted at 127.0.0.1:56818
Fire restarted at 127.0.0.1:56818
Fire started at 127.0.0.1:56818
Fire restarted at 127.0.0.1:56818
createTcpServer: permission denied
Fire started at 127.0.0.1:51167
Fire started at 127.0.0.1:49709
Fire started at 127.0.0.1:56176
Fire started at 127.0.0.1:56176
closing
Fire started at 127.0.0.1:54785
Fire started at 127.0.0.1:56911
[ FAIL 1 | WARN 0 | SKIP 5 | PASS 245 ]
══ Skipped tests (5) ═══════════════════════════════════════════════════════════
• On CRAN (4): 'test-Fire.R:95:5', 'test-Fire.R:400:5', 'test-Fire.R:497:5',
'test-loggers.R:10:5'
• On Windows (1): 'test-Fire.R:364:5'
══ Failed tests ════════════════════════════════════════════════════════════════
── Error ('test-Fire.R:299:9'): errors in start and resume gets caught ─────────
Error in `initialize(...)`: Failed to create server
Backtrace:
▆
1. ├─testthat::expect_output(...) at test-Fire.R:298:5
2. │ └─testthat:::quasi_capture(...)
3. │ ├─testthat (local) .capture(...)
4. │ │ └─testthat::capture_output_lines(code, print, width = width)
5. │ │ └─testthat:::eval_with_output(code, print = print, width = width)
6. │ │ ├─withr::with_output_sink(path, withVisible(code))
7. │ │ │ └─base::force(code)
8. │ │ └─base::withVisible(code)
9. │ └─rlang::eval_bare(quo_get_expr(.quo), quo_get_env(.quo))
10. └─app$reignite(silent = TRUE, block = FALSE) at test-Fire.R:299:9
11. └─private$run(..., resume = TRUE)
12. └─private$run_allowing_server(showcase = showcase)
13. └─httpuv::startDaemonizedServer(...)
14. └─WebServer$new(host, port, app, quiet)
15. └─httpuv (local) initialize(...)
[ FAIL 1 | WARN 0 | SKIP 5 | PASS 245 ]
Error: Test failures
Execution halted
Flavor: r-oldrel-windows-x86_64