Last updated on 2025-04-30 04:50:05 CEST.
Flavor | Version | Tinstall | Tcheck | Ttotal | Status | Flags |
---|---|---|---|---|---|---|
r-devel-linux-x86_64-debian-clang | 1.0.0 | 11.50 | 112.80 | 124.30 | NOTE | |
r-devel-linux-x86_64-debian-gcc | 1.0.0 | 8.42 | 81.74 | 90.16 | OK | |
r-devel-linux-x86_64-fedora-clang | 1.0.0 | 188.40 | OK | |||
r-devel-linux-x86_64-fedora-gcc | 1.0.0 | 244.30 | OK | |||
r-devel-windows-x86_64 | 1.0.0 | 13.00 | 134.00 | 147.00 | OK | |
r-patched-linux-x86_64 | 1.0.0 | 12.11 | 106.53 | 118.64 | OK | |
r-release-linux-x86_64 | 1.0.0 | 9.66 | 105.28 | 114.94 | OK | |
r-release-macos-arm64 | 1.0.0 | 113.00 | OK | |||
r-release-macos-x86_64 | 1.0.0 | 163.00 | OK | |||
r-release-windows-x86_64 | 1.0.0 | 13.00 | 130.00 | 143.00 | OK | |
r-oldrel-macos-arm64 | 1.0.0 | 64.00 | OK | |||
r-oldrel-macos-x86_64 | 1.0.0 | 152.00 | OK | |||
r-oldrel-windows-x86_64 | 1.0.0 | 16.00 | 164.00 | 180.00 | OK |
Version: 1.0.0
Check: examples
Result: NOTE
Examples with CPU (user + system) or elapsed time > 5s
user system elapsed
build.page 5.383 0.122 6.591
Flavor: r-devel-linux-x86_64-debian-clang