Last updated on 2025-04-30 04:50:05 CEST.
Flavor | Version | Tinstall | Tcheck | Ttotal | Status | Flags |
---|---|---|---|---|---|---|
r-devel-linux-x86_64-debian-clang | 0.2.3 | 47.37 | 120.37 | 167.74 | NOTE | |
r-devel-linux-x86_64-debian-gcc | 0.2.3 | 33.36 | 81.86 | 115.22 | NOTE | |
r-devel-linux-x86_64-fedora-clang | 0.2.3 | 300.01 | NOTE | |||
r-devel-linux-x86_64-fedora-gcc | 0.2.3 | 263.06 | NOTE | |||
r-devel-windows-x86_64 | 0.2.3 | 55.00 | 138.00 | 193.00 | NOTE | |
r-patched-linux-x86_64 | 0.2.3 | 49.89 | 113.99 | 163.88 | NOTE | |
r-release-linux-x86_64 | 0.2.3 | 45.42 | 113.40 | 158.82 | NOTE | |
r-release-macos-arm64 | 0.2.3 | 68.00 | NOTE | |||
r-release-macos-x86_64 | 0.2.3 | 144.00 | NOTE | |||
r-release-windows-x86_64 | 0.2.3 | 54.00 | 135.00 | 189.00 | NOTE | |
r-oldrel-macos-arm64 | 0.2.3 | 65.00 | NOTE | |||
r-oldrel-macos-x86_64 | 0.2.3 | 100.00 | NOTE | |||
r-oldrel-windows-x86_64 | 0.2.3 | 64.00 | 179.00 | 243.00 | NOTE |
Version: 0.2.3
Check: C++ specification
Result: NOTE
Specified C++11: please drop specification unless essential
Flavors: r-devel-linux-x86_64-debian-clang, r-devel-linux-x86_64-debian-gcc, r-devel-linux-x86_64-fedora-clang, r-devel-linux-x86_64-fedora-gcc, r-devel-windows-x86_64, r-patched-linux-x86_64, r-release-linux-x86_64, r-release-macos-arm64, r-release-macos-x86_64, r-release-windows-x86_64, r-oldrel-macos-arm64, r-oldrel-macos-x86_64, r-oldrel-windows-x86_64
Version: 0.2.3
Check: examples
Result: NOTE
Examples with CPU (user + system) or elapsed time > 5s
user system elapsed
fill_KNNimpute 4.862 0.046 6.256
Flavor: r-devel-linux-x86_64-debian-clang