Last updated on 2025-04-30 04:50:05 CEST.
Flavor | Version | Tinstall | Tcheck | Ttotal | Status | Flags |
---|---|---|---|---|---|---|
r-devel-linux-x86_64-debian-clang | 0.2.1 | 25.04 | 80.21 | 105.25 | OK | |
r-devel-linux-x86_64-debian-gcc | 0.2.1 | 20.06 | 62.56 | 82.62 | OK | |
r-devel-linux-x86_64-fedora-clang | 0.2.1 | 171.96 | OK | |||
r-devel-linux-x86_64-fedora-gcc | 0.2.1 | 195.19 | OK | |||
r-devel-windows-x86_64 | 0.2.1 | 30.00 | 118.00 | 148.00 | OK | |
r-patched-linux-x86_64 | 0.2.1 | 27.52 | 74.61 | 102.13 | OK | |
r-release-linux-x86_64 | 0.2.1 | 27.84 | 76.24 | 104.08 | OK | |
r-release-macos-arm64 | 0.2.1 | 95.00 | OK | |||
r-release-macos-x86_64 | 0.2.1 | 168.00 | OK | |||
r-release-windows-x86_64 | 0.2.1 | 30.00 | 115.00 | 145.00 | OK | |
r-oldrel-macos-arm64 | 0.2.1 | 83.00 | NOTE | |||
r-oldrel-macos-x86_64 | 0.2.1 | 125.00 | NOTE | |||
r-oldrel-windows-x86_64 | 0.2.1 | 33.00 | 137.00 | 170.00 | OK |
Version: 0.2.1
Check: installed package size
Result: NOTE
installed size is 8.4Mb
sub-directories of 1Mb or more:
doc 1.1Mb
libs 7.1Mb
Flavors: r-oldrel-macos-arm64, r-oldrel-macos-x86_64